CRAN Package Check Results for Package GMMBoost

Last updated on 2020-12-04 00:48:23 CET.

Flavor Version Tinstall Tcheck Ttotal Status Flags
r-devel-linux-x86_64-debian-clang 1.1.3 13.97 78.86 92.83 OK
r-devel-linux-x86_64-debian-gcc 1.1.3 13.66 58.53 72.19 OK
r-devel-linux-x86_64-fedora-clang 1.1.3 118.51 NOTE
r-devel-linux-x86_64-fedora-gcc 1.1.3 109.02 OK
r-devel-windows-ix86+x86_64 1.1.3 25.00 96.00 121.00 OK
r-patched-linux-x86_64 1.1.3 16.54 71.73 88.27 OK
r-patched-solaris-x86 1.1.3 131.90 OK
r-release-linux-x86_64 1.1.3 15.07 71.31 86.38 OK
r-release-macos-x86_64 1.1.3 OK
r-release-windows-ix86+x86_64 1.1.3 18.00 94.00 112.00 OK
r-oldrel-macos-x86_64 1.1.3 OK
r-oldrel-windows-ix86+x86_64 1.1.3 19.00 88.00 107.00 OK

Check Details

Version: 1.1.3
Check: Rd cross-references
Result: NOTE
    Undeclared package ‘glmmLasso’ in Rd xrefs
Flavor: r-devel-linux-x86_64-fedora-clang