CRAN Package Check Results for Package GMKMcharlie

Last updated on 2020-12-04 00:48:23 CET.

Flavor Version Tinstall Tcheck Ttotal Status Flags
r-devel-linux-x86_64-debian-clang 1.1.1 176.54 67.86 244.40 NOTE
r-devel-linux-x86_64-debian-gcc 1.1.1 120.86 54.51 175.37 NOTE
r-devel-linux-x86_64-fedora-clang 1.1.1 346.50 NOTE
r-devel-linux-x86_64-fedora-gcc 1.1.1 320.97 NOTE
r-devel-windows-ix86+x86_64 1.1.1 388.00 152.00 540.00 NOTE
r-patched-linux-x86_64 1.1.1 149.66 68.17 217.83 NOTE
r-patched-solaris-x86 1.1.1 286.20 NOTE
r-release-linux-x86_64 1.1.1 140.82 67.14 207.96 NOTE
r-release-macos-x86_64 1.1.1 NOTE
r-release-windows-ix86+x86_64 1.1.1 294.00 138.00 432.00 NOTE
r-oldrel-macos-x86_64 1.1.1 NOTE
r-oldrel-windows-ix86+x86_64 1.1.1 279.00 146.00 425.00 NOTE

Check Details

Version: 1.1.1
Check: for GNU extensions in Makefiles
Result: NOTE
    GNU make is a SystemRequirements.
Flavors: r-devel-linux-x86_64-debian-clang, r-devel-linux-x86_64-debian-gcc, r-devel-linux-x86_64-fedora-clang, r-devel-linux-x86_64-fedora-gcc, r-devel-windows-ix86+x86_64, r-patched-linux-x86_64, r-patched-solaris-x86, r-release-linux-x86_64, r-release-macos-x86_64, r-release-windows-ix86+x86_64, r-oldrel-macos-x86_64, r-oldrel-windows-ix86+x86_64

Version: 1.1.1
Check: installed package size
Result: NOTE
     installed size is 13.1Mb
     sub-directories of 1Mb or more:
     libs 12.9Mb
Flavors: r-devel-linux-x86_64-fedora-clang, r-release-macos-x86_64, r-oldrel-macos-x86_64