CRAN Package Check Results for Package GLMpack

Last updated on 2020-12-04 00:48:23 CET.

Flavor Version Tinstall Tcheck Ttotal Status Flags
r-devel-linux-x86_64-debian-clang 0.1.0 3.60 37.11 40.71 OK
r-devel-linux-x86_64-debian-gcc 0.1.0 2.99 29.44 32.43 OK
r-devel-linux-x86_64-fedora-clang 0.1.0 54.73 NOTE
r-devel-linux-x86_64-fedora-gcc 0.1.0 44.61 NOTE
r-devel-windows-ix86+x86_64 0.1.0 7.00 57.00 64.00 OK
r-patched-linux-x86_64 0.1.0 3.50 36.28 39.78 OK
r-patched-solaris-x86 0.1.0 66.30 NOTE
r-release-linux-x86_64 0.1.0 3.18 35.50 38.68 OK
r-release-macos-x86_64 0.1.0 NOTE
r-release-windows-ix86+x86_64 0.1.0 5.00 54.00 59.00 OK
r-oldrel-macos-x86_64 0.1.0 NOTE
r-oldrel-windows-ix86+x86_64 0.1.0 4.00 57.00 61.00 OK

Check Details

Version: 0.1.0
Check: dependencies in R code
Result: NOTE
    Namespaces in Imports field not imported from:
     ‘AER’ ‘MASS’ ‘Matrix’ ‘censReg’ ‘effects’ ‘foreign’ ‘lme4’ ‘lmtest’
     ‘nnet’ ‘pBrackets’ ‘plm’ ‘pscl’ ‘sandwich’
     All declared Imports should be used.
Flavors: r-devel-linux-x86_64-fedora-clang, r-devel-linux-x86_64-fedora-gcc, r-patched-solaris-x86, r-release-macos-x86_64, r-oldrel-macos-x86_64