CRAN Package Check Results for Package GGUM

Last updated on 2020-12-04 00:48:22 CET.

Flavor Version Tinstall Tcheck Ttotal Status Flags
r-devel-linux-x86_64-debian-clang 0.4-1 14.30 127.47 141.77 OK
r-devel-linux-x86_64-debian-gcc 0.4-1 12.18 93.20 105.38 OK
r-devel-linux-x86_64-fedora-clang 0.4-1 169.11 OK
r-devel-linux-x86_64-fedora-gcc 0.4-1 156.60 OK
r-devel-windows-ix86+x86_64 0.4-1 29.00 128.00 157.00 OK
r-patched-linux-x86_64 0.4-1 15.20 114.71 129.91 OK
r-patched-solaris-x86 0.4-1 179.20 OK
r-release-linux-x86_64 0.4-1 13.46 115.72 129.18 OK
r-release-macos-x86_64 0.4-1 OK
r-release-windows-ix86+x86_64 0.4-1 24.00 115.00 139.00 OK
r-oldrel-macos-x86_64 0.4-1 OK
r-oldrel-windows-ix86+x86_64 0.4-1 13.00 6.00 19.00 ERROR

Check Details

Version: 0.4-1
Check: whether package can be installed
Result: ERROR
    Installation failed.
Flavor: r-oldrel-windows-ix86+x86_64