CRAN Package Check Results for Package GGEBiplots

Last updated on 2020-12-04 00:48:22 CET.

Flavor Version Tinstall Tcheck Ttotal Status Flags
r-devel-linux-x86_64-debian-clang 0.1.1 6.42 56.39 62.81 OK
r-devel-linux-x86_64-debian-gcc 0.1.1 5.56 42.67 48.23 OK
r-devel-linux-x86_64-fedora-clang 0.1.1 81.64 NOTE
r-devel-linux-x86_64-fedora-gcc 0.1.1 71.24 NOTE
r-devel-windows-ix86+x86_64 0.1.1 16.00 74.00 90.00 OK
r-patched-linux-x86_64 0.1.1 6.74 52.46 59.20 OK
r-patched-solaris-x86 0.1.1 102.40 NOTE
r-release-linux-x86_64 0.1.1 6.38 52.72 59.10 OK
r-release-macos-x86_64 0.1.1 NOTE
r-release-windows-ix86+x86_64 0.1.1 12.00 55.00 67.00 OK
r-oldrel-macos-x86_64 0.1.1 NOTE
r-oldrel-windows-ix86+x86_64 0.1.1 12.00 70.00 82.00 OK

Check Details

Version: 0.1.1
Check: dependencies in R code
Result: NOTE
    Namespaces in Imports field not imported from:
     ‘GGEBiplotGUI’ ‘gge’ ‘utils’
     All declared Imports should be used.
Flavors: r-devel-linux-x86_64-fedora-clang, r-devel-linux-x86_64-fedora-gcc, r-patched-solaris-x86, r-release-macos-x86_64, r-oldrel-macos-x86_64