CRAN Package Check Results for Package GGEBiplotGUI

Last updated on 2020-12-04 00:48:22 CET.

Flavor Version Tinstall Tcheck Ttotal Status Flags
r-devel-linux-x86_64-debian-clang 1.0-9 7.83 48.44 56.27 OK
r-devel-linux-x86_64-debian-gcc 1.0-9 6.53 39.56 46.09 OK
r-devel-linux-x86_64-fedora-clang 1.0-9 77.32 OK
r-devel-linux-x86_64-fedora-gcc 1.0-9 68.94 OK
r-devel-windows-ix86+x86_64 1.0-9 13.00 62.00 75.00 OK
r-patched-linux-x86_64 1.0-9 8.41 47.88 56.29 OK
r-patched-solaris-x86 1.0-9 96.80 OK
r-release-linux-x86_64 1.0-9 7.97 48.42 56.39 OK
r-release-macos-x86_64 1.0-9 ERROR
r-release-windows-ix86+x86_64 1.0-9 12.00 63.00 75.00 OK
r-oldrel-macos-x86_64 1.0-9 ERROR
r-oldrel-windows-ix86+x86_64 1.0-9 10.00 61.00 71.00 OK

Check Details

Version: 1.0-9
Check: examples
Result: ERROR
    Running examples in ‘GGEBiplotGUI-Ex.R’ failed
    The error most likely occurred in:
    
    > ### Name: GGEBiplot
    > ### Title: GGEBiplotGUI: Interactive GGE Biplots in R
    > ### Aliases: GGEBiplot
    >
    > ### ** Examples
    >
    > data(Ontario)
    > GGEBiplot(Data = Ontario)
    Warning in tclRequire("BWidget") : Tcl package 'BWidget' not found
    Error in structure(.External(.C_dotTclObjv, objv), class = "tclObj") :
     [tcl] invalid command name "ComboBox".
    Calls: GGEBiplot -> tkwidget -> tcl -> .Tcl.objv -> structure
    Execution halted
Flavor: r-release-macos-x86_64

Version: 1.0-9
Check: whether package can be installed
Result: WARN
    Found the following significant warnings:
     Warning: 'rgl_init' failed, running with rgl.useNULL = TRUE
     Warning: loading Rplot failed
Flavor: r-oldrel-macos-x86_64

Version: 1.0-9
Check: examples
Result: ERROR
    Running examples in ‘GGEBiplotGUI-Ex.R’ failed
    The error most likely occurred in:
    
    > ### Name: GGEBiplot
    > ### Title: GGEBiplotGUI: Interactive GGE Biplots in R
    > ### Aliases: GGEBiplot
    >
    > ### ** Examples
    >
    > data(Ontario)
    > GGEBiplot(Data = Ontario)
    Warning in tclRequire("BWidget") : Tcl package 'BWidget' not found
    Error in structure(.External(.C_dotTclObjv, objv), class = "tclObj") :
     [tcl] invalid command name "toplevel".
    Calls: GGEBiplot ... tktoplevel -> tkwidget -> tcl -> .Tcl.objv -> structure
    Execution halted
Flavor: r-oldrel-macos-x86_64