Last updated on 2020-12-04 00:48:22 CET.
Flavor | Version | Tinstall | Tcheck | Ttotal | Status | Flags |
---|---|---|---|---|---|---|
r-devel-linux-x86_64-debian-clang | 2.8.0 | 258.41 | 102.84 | 361.25 | OK | |
r-devel-linux-x86_64-debian-gcc | 2.8.0 | 167.76 | 76.92 | 244.68 | OK | |
r-devel-linux-x86_64-fedora-clang | 2.8.0 | 490.58 | NOTE | |||
r-devel-linux-x86_64-fedora-gcc | 2.8.0 | 447.33 | OK | |||
r-devel-windows-ix86+x86_64 | 2.8.0 | 566.00 | 164.00 | 730.00 | OK | |
r-patched-linux-x86_64 | 2.8.0 | 200.84 | 93.67 | 294.51 | OK | |
r-patched-solaris-x86 | 2.8.0 | 377.60 | OK | |||
r-release-linux-x86_64 | 2.8.0 | 203.09 | 94.24 | 297.33 | OK | |
r-release-macos-x86_64 | 2.8.0 | NOTE | ||||
r-release-windows-ix86+x86_64 | 2.8.0 | 440.00 | 130.00 | 570.00 | OK | |
r-oldrel-macos-x86_64 | 2.8.0 | NOTE | ||||
r-oldrel-windows-ix86+x86_64 | 2.8.0 | 468.00 | 151.00 | 619.00 | OK |
Version: 2.8.0
Check: installed package size
Result: NOTE
installed size is 14.9Mb
sub-directories of 1Mb or more:
libs 13.9Mb
Flavors: r-devel-linux-x86_64-fedora-clang, r-release-macos-x86_64, r-oldrel-macos-x86_64