Last updated on 2020-12-04 00:48:22 CET.
Flavor | Version | Tinstall | Tcheck | Ttotal | Status | Flags |
---|---|---|---|---|---|---|
r-devel-linux-x86_64-debian-clang | 3.2 | 46.18 | 80.61 | 126.79 | OK | |
r-devel-linux-x86_64-debian-gcc | 3.2 | 37.00 | 60.56 | 97.56 | OK | |
r-devel-linux-x86_64-fedora-clang | 3.2 | 182.18 | NOTE | |||
r-devel-linux-x86_64-fedora-gcc | 3.2 | 166.49 | OK | |||
r-devel-windows-ix86+x86_64 | 3.2 | 116.00 | 136.00 | 252.00 | OK | |
r-patched-linux-x86_64 | 3.2 | 41.48 | 77.28 | 118.76 | OK | |
r-patched-solaris-x86 | 3.2 | 181.00 | OK | |||
r-release-linux-x86_64 | 3.2 | 45.35 | 77.69 | 123.04 | OK | |
r-release-macos-x86_64 | 3.2 | NOTE | ||||
r-release-windows-ix86+x86_64 | 3.2 | 84.00 | 126.00 | 210.00 | OK | |
r-oldrel-macos-x86_64 | 3.2 | NOTE | ||||
r-oldrel-windows-ix86+x86_64 | 3.2 | 82.00 | 127.00 | 209.00 | OK |
Version: 3.2
Check: installed package size
Result: NOTE
installed size is 6.4Mb
sub-directories of 1Mb or more:
doc 1.7Mb
libs 4.2Mb
Flavors: r-devel-linux-x86_64-fedora-clang, r-release-macos-x86_64, r-oldrel-macos-x86_64