Last updated on 2020-12-04 00:48:22 CET.
Flavor | Version | Tinstall | Tcheck | Ttotal | Status | Flags |
---|---|---|---|---|---|---|
r-devel-linux-x86_64-debian-clang | 2.1.5 | 12.78 | 102.30 | 115.08 | OK | |
r-devel-linux-x86_64-debian-gcc | 2.1.5 | 10.54 | 76.36 | 86.90 | OK | |
r-devel-linux-x86_64-fedora-clang | 2.1.5 | 140.67 | OK | |||
r-devel-linux-x86_64-fedora-gcc | 2.1.5 | 131.41 | OK | |||
r-devel-windows-ix86+x86_64 | 2.1.5 | 24.00 | 100.00 | 124.00 | OK | |
r-patched-linux-x86_64 | 2.1.5 | 11.48 | 95.83 | 107.31 | OK | |
r-patched-solaris-x86 | 2.1.5 | 151.90 | OK | |||
r-release-linux-x86_64 | 2.1.5 | 11.82 | 94.28 | 106.10 | OK | |
r-release-macos-x86_64 | 2.1.5 | OK | ||||
r-release-windows-ix86+x86_64 | 2.1.5 | 19.00 | 81.00 | 100.00 | OK | |
r-oldrel-macos-x86_64 | 2.1.5 | OK | ||||
r-oldrel-windows-ix86+x86_64 | 2.1.5 | 10.00 | 6.00 | 16.00 | ERROR |
Version: 2.1.5
Check: whether package can be installed
Result: ERROR
Installation failed.
Flavor: r-oldrel-windows-ix86+x86_64