CRAN Package Check Results for Package ForestTools

Last updated on 2020-12-04 00:48:22 CET.

Flavor Version Tinstall Tcheck Ttotal Status Flags
r-devel-linux-x86_64-debian-clang 0.2.1 5.63 373.50 379.13 OK
r-devel-linux-x86_64-debian-gcc 0.2.1 5.07 241.26 246.33 OK
r-devel-linux-x86_64-fedora-clang 0.2.1 403.38 NOTE
r-devel-linux-x86_64-fedora-gcc 0.2.1 410.81 NOTE
r-devel-windows-ix86+x86_64 0.2.1 10.00 400.00 410.00 OK
r-patched-linux-x86_64 0.2.1 5.42 338.11 343.53 OK
r-patched-solaris-x86 0.2.1 469.00 NOTE
r-release-linux-x86_64 0.2.1 6.23 335.32 341.55 OK
r-release-macos-x86_64 0.2.1 NOTE
r-release-windows-ix86+x86_64 0.2.1 8.00 301.00 309.00 OK
r-oldrel-macos-x86_64 0.2.1 NOTE
r-oldrel-windows-ix86+x86_64 0.2.1 7.00 394.00 401.00 OK

Check Details

Version: 0.2.1
Check: dependencies in R code
Result: NOTE
    Namespace in Imports field not imported from: ‘methods’
     All declared Imports should be used.
Flavors: r-devel-linux-x86_64-fedora-clang, r-devel-linux-x86_64-fedora-gcc, r-patched-solaris-x86, r-release-macos-x86_64, r-oldrel-macos-x86_64