CRAN Package Check Results for Package ForecastTB

Last updated on 2020-12-04 00:48:22 CET.

Flavor Version Tinstall Tcheck Ttotal Status Flags
r-devel-linux-x86_64-debian-clang 1.0.1 9.65 90.16 99.81 OK
r-devel-linux-x86_64-debian-gcc 1.0.1 7.44 69.02 76.46 OK
r-devel-linux-x86_64-fedora-clang 1.0.1 126.14 NOTE
r-devel-linux-x86_64-fedora-gcc 1.0.1 121.96 NOTE
r-devel-windows-ix86+x86_64 1.0.1 19.00 114.00 133.00 OK
r-patched-linux-x86_64 1.0.1 7.89 86.23 94.12 OK
r-patched-solaris-x86 1.0.1 166.00 NOTE
r-release-linux-x86_64 1.0.1 6.06 87.23 93.29 OK
r-release-macos-x86_64 1.0.1 NOTE
r-release-windows-ix86+x86_64 1.0.1 17.00 84.00 101.00 OK
r-oldrel-macos-x86_64 1.0.1 NOTE
r-oldrel-windows-ix86+x86_64 1.0.1 18.00 110.00 128.00 OK

Check Details

Version: 1.0.1
Check: dependencies in R code
Result: NOTE
    Namespace in Imports field not imported from: ‘decomposedPSF’
     All declared Imports should be used.
Flavors: r-devel-linux-x86_64-fedora-clang, r-devel-linux-x86_64-fedora-gcc, r-patched-solaris-x86, r-release-macos-x86_64, r-oldrel-macos-x86_64