Last updated on 2020-12-04 00:48:22 CET.
Flavor | Version | Tinstall | Tcheck | Ttotal | Status | Flags |
---|---|---|---|---|---|---|
r-devel-linux-x86_64-debian-clang | 1.2.6 | 7.24 | 56.25 | 63.49 | OK | |
r-devel-linux-x86_64-debian-gcc | 1.2.6 | 5.17 | 43.17 | 48.34 | OK | |
r-devel-linux-x86_64-fedora-clang | 1.2.6 | 81.11 | NOTE | |||
r-devel-linux-x86_64-fedora-gcc | 1.2.6 | 70.79 | OK | |||
r-devel-windows-ix86+x86_64 | 1.2.6 | 10.00 | 74.00 | 84.00 | OK | |
r-patched-linux-x86_64 | 1.2.6 | 6.15 | 54.46 | 60.61 | OK | |
r-patched-solaris-x86 | 1.2.6 | 96.30 | OK | |||
r-release-linux-x86_64 | 1.2.6 | 5.44 | 52.62 | 58.06 | OK | |
r-release-macos-x86_64 | 1.2.6 | OK | ||||
r-release-windows-ix86+x86_64 | 1.2.6 | 8.00 | 68.00 | 76.00 | OK | |
r-oldrel-macos-x86_64 | 1.2.6 | OK | ||||
r-oldrel-windows-ix86+x86_64 | 1.2.6 | 7.00 | 69.00 | 76.00 | OK |
Version: 1.2.6
Check: Rd cross-references
Result: NOTE
Undeclared package ‘Kendall’ in Rd xrefs
Flavor: r-devel-linux-x86_64-fedora-clang