Last updated on 2020-12-04 00:48:22 CET.
Flavor | Version | Tinstall | Tcheck | Ttotal | Status | Flags |
---|---|---|---|---|---|---|
r-devel-linux-x86_64-debian-clang | 0.1.0.0 | 3.15 | 30.70 | 33.85 | NOTE | |
r-devel-linux-x86_64-debian-gcc | 0.1.0.0 | 2.64 | 23.74 | 26.38 | NOTE | |
r-devel-linux-x86_64-fedora-clang | 0.1.0.0 | 47.68 | NOTE | |||
r-devel-linux-x86_64-fedora-gcc | 0.1.0.0 | 38.05 | NOTE | |||
r-devel-windows-ix86+x86_64 | 0.1.0.0 | 6.00 | 47.00 | 53.00 | NOTE | |
r-patched-linux-x86_64 | 0.1.0.0 | 2.78 | 29.87 | 32.65 | NOTE | |
r-patched-solaris-x86 | 0.1.0.0 | 62.10 | NOTE | |||
r-release-linux-x86_64 | 0.1.0.0 | 3.26 | 29.35 | 32.61 | NOTE | |
r-release-macos-x86_64 | 0.1.0.0 | NOTE | ||||
r-release-windows-ix86+x86_64 | 0.1.0.0 | 6.00 | 43.00 | 49.00 | NOTE | |
r-oldrel-macos-x86_64 | 0.1.0.0 | NOTE | ||||
r-oldrel-windows-ix86+x86_64 | 0.1.0.0 | 4.00 | 43.00 | 47.00 | OK |
Version: 0.1.0.0
Check: package vignettes
Result: NOTE
Package vignette with placeholder title 'Vignette Title':
'introduction.Rmd'
Flavors: r-devel-linux-x86_64-debian-clang, r-devel-linux-x86_64-debian-gcc, r-devel-windows-ix86+x86_64, r-patched-linux-x86_64, r-release-linux-x86_64, r-release-windows-ix86+x86_64
Version: 0.1.0.0
Check: dependencies in R code
Result: NOTE
Namespace in Imports field not imported from: ‘magrittr’
All declared Imports should be used.
Flavors: r-devel-linux-x86_64-fedora-clang, r-devel-linux-x86_64-fedora-gcc, r-patched-solaris-x86, r-release-macos-x86_64, r-oldrel-macos-x86_64