CRAN Package Check Results for Package FastKM

Last updated on 2020-12-04 00:48:21 CET.

Flavor Version Tinstall Tcheck Ttotal Status Flags
r-devel-linux-x86_64-debian-clang 1.0 7.67 65.35 73.02 NOTE
r-devel-linux-x86_64-debian-gcc 1.0 7.14 52.10 59.24 NOTE
r-devel-linux-x86_64-fedora-clang 1.0 98.55 NOTE
r-devel-linux-x86_64-fedora-gcc 1.0 86.77 NOTE
r-devel-windows-ix86+x86_64 1.0 16.00 81.00 97.00 NOTE
r-patched-linux-x86_64 1.0 7.22 62.06 69.28 NOTE
r-patched-solaris-x86 1.0 125.00 NOTE
r-release-linux-x86_64 1.0 7.12 61.47 68.59 NOTE
r-release-macos-x86_64 1.0 NOTE
r-release-windows-ix86+x86_64 1.0 13.00 85.00 98.00 NOTE
r-oldrel-macos-x86_64 1.0 NOTE
r-oldrel-windows-ix86+x86_64 1.0 14.00 77.00 91.00 NOTE

Check Details

Version: 1.0
Check: package dependencies
Result: NOTE
    Package suggested but not available for checking: 'coxKM'
Flavors: r-devel-linux-x86_64-debian-clang, r-devel-linux-x86_64-debian-gcc, r-devel-linux-x86_64-fedora-clang, r-devel-linux-x86_64-fedora-gcc, r-devel-windows-ix86+x86_64, r-patched-linux-x86_64, r-patched-solaris-x86, r-release-linux-x86_64, r-release-macos-x86_64, r-release-windows-ix86+x86_64, r-oldrel-macos-x86_64, r-oldrel-windows-ix86+x86_64