Last updated on 2020-12-04 00:48:21 CET.
Flavor | Version | Tinstall | Tcheck | Ttotal | Status | Flags |
---|---|---|---|---|---|---|
r-devel-linux-x86_64-debian-clang | 2.4 | 28.35 | 68.01 | 96.36 | OK | |
r-devel-linux-x86_64-debian-gcc | 2.4 | 19.20 | 54.13 | 73.33 | OK | |
r-devel-linux-x86_64-fedora-clang | 2.4 | 151.96 | NOTE | |||
r-devel-linux-x86_64-fedora-gcc | 2.4 | 111.89 | NOTE | |||
r-devel-windows-ix86+x86_64 | 2.4 | 68.00 | 128.00 | 196.00 | OK | |
r-patched-linux-x86_64 | 2.4 | 23.81 | 65.02 | 88.83 | OK | |
r-patched-solaris-x86 | 2.4 | 169.70 | OK | |||
r-release-linux-x86_64 | 2.4 | 24.27 | 64.33 | 88.60 | OK | |
r-release-macos-x86_64 | 2.4 | OK | ||||
r-release-windows-ix86+x86_64 | 2.4 | 54.00 | 124.00 | 178.00 | OK | |
r-oldrel-macos-x86_64 | 2.4 | OK | ||||
r-oldrel-windows-ix86+x86_64 | 2.4 | 49.00 | 117.00 | 166.00 | OK |
Version: 2.4
Check: compiled code
Result: NOTE
File ‘Familias/libs/Familias.so’:
Found no calls to: ‘R_registerRoutines’, ‘R_useDynamicSymbols’
It is good practice to register native routines and to disable symbol
search.
See ‘Writing portable packages’ in the ‘Writing R Extensions’ manual.
Flavors: r-devel-linux-x86_64-fedora-clang, r-devel-linux-x86_64-fedora-gcc