CRAN Package Check Results for Package FREEtree

Last updated on 2020-12-04 00:48:22 CET.

Flavor Version Tinstall Tcheck Ttotal Status Flags
r-devel-linux-x86_64-debian-clang 0.1.0 24.12 243.19 267.31 OK
r-devel-linux-x86_64-debian-gcc 0.1.0 21.80 186.75 208.55 OK
r-devel-linux-x86_64-fedora-clang 0.1.0 329.29 NOTE
r-devel-linux-x86_64-fedora-gcc 0.1.0 323.76 NOTE
r-devel-windows-ix86+x86_64 0.1.0 54.00 271.00 325.00 OK
r-patched-linux-x86_64 0.1.0 18.43 231.47 249.90 OK
r-patched-solaris-x86 0.1.0 472.10 NOTE
r-release-linux-x86_64 0.1.0 16.88 228.73 245.61 OK
r-release-macos-x86_64 0.1.0 NOTE
r-release-windows-ix86+x86_64 0.1.0 43.00 210.00 253.00 OK
r-oldrel-macos-x86_64 0.1.0 ERROR
r-oldrel-windows-ix86+x86_64 0.1.0 47.00 249.00 296.00 OK

Check Details

Version: 0.1.0
Check: dependencies in R code
Result: NOTE
    Namespace in Imports field not imported from: ‘MASS’
     All declared Imports should be used.
Flavors: r-devel-linux-x86_64-fedora-clang, r-devel-linux-x86_64-fedora-gcc, r-patched-solaris-x86, r-release-macos-x86_64

Version: 0.1.0
Check: package dependencies
Result: ERROR
    Package required but not available: ‘WGCNA’
    
    See section ‘The DESCRIPTION file’ in the ‘Writing R Extensions’
    manual.
Flavor: r-oldrel-macos-x86_64