CRAN Package Check Results for Package FLightR

Last updated on 2020-12-04 00:48:22 CET.

Flavor Version Tinstall Tcheck Ttotal Status Flags
r-devel-linux-x86_64-debian-clang 0.5.0 13.59 171.91 185.50 OK
r-devel-linux-x86_64-debian-gcc 0.5.0 10.26 124.73 134.99 OK
r-devel-linux-x86_64-fedora-clang 0.5.0 215.35 NOTE
r-devel-linux-x86_64-fedora-gcc 0.5.0 210.15 NOTE
r-devel-windows-ix86+x86_64 0.5.0 18.00 230.00 248.00 OK
r-patched-linux-x86_64 0.5.0 8.67 167.12 175.79 OK
r-patched-solaris-x86 0.5.0 336.90 NOTE
r-release-linux-x86_64 0.5.0 8.40 168.39 176.79 OK
r-release-macos-x86_64 0.5.0 NOTE
r-release-windows-ix86+x86_64 0.5.0 14.00 178.00 192.00 OK
r-oldrel-macos-x86_64 0.5.0 NOTE
r-oldrel-windows-ix86+x86_64 0.5.0 19.00 234.00 253.00 OK

Check Details

Version: 0.5.0
Check: dependencies in R code
Result: NOTE
    Namespaces in Imports field not imported from:
     ‘raster’ ‘rgdal’
     All declared Imports should be used.
Flavors: r-devel-linux-x86_64-fedora-clang, r-devel-linux-x86_64-fedora-gcc, r-patched-solaris-x86, r-release-macos-x86_64, r-oldrel-macos-x86_64