Last updated on 2020-12-04 00:48:22 CET.
Flavor | Version | Tinstall | Tcheck | Ttotal | Status | Flags |
---|---|---|---|---|---|---|
r-devel-linux-x86_64-debian-clang | 8.6.6 | 356.52 | 56.11 | 412.63 | NOTE | |
r-devel-linux-x86_64-debian-gcc | 8.6.6 | 257.00 | 45.12 | 302.12 | NOTE | |
r-devel-linux-x86_64-fedora-clang | 8.6.6 | 595.42 | NOTE | |||
r-devel-linux-x86_64-fedora-gcc | 8.6.6 | 546.18 | NOTE | |||
r-devel-windows-ix86+x86_64 | 8.6.6 | 657.00 | 117.00 | 774.00 | NOTE | |
r-patched-linux-x86_64 | 8.6.6 | 296.84 | 53.46 | 350.30 | NOTE | |
r-patched-solaris-x86 | 8.6.6 | 443.70 | NOTE | |||
r-release-linux-x86_64 | 8.6.6 | 301.82 | 53.02 | 354.84 | NOTE | |
r-release-macos-x86_64 | 8.6.6 | NOTE | ||||
r-release-windows-ix86+x86_64 | 8.6.6 | 588.00 | 119.00 | 707.00 | NOTE | |
r-oldrel-macos-x86_64 | 8.6.6 | NOTE | ||||
r-oldrel-windows-ix86+x86_64 | 8.6.6 | 597.00 | 116.00 | 713.00 | NOTE |
Version: 8.6.6
Check: for GNU extensions in Makefiles
Result: NOTE
GNU make is a SystemRequirements.
Flavors: r-devel-linux-x86_64-debian-clang, r-devel-linux-x86_64-debian-gcc, r-devel-linux-x86_64-fedora-clang, r-devel-linux-x86_64-fedora-gcc, r-devel-windows-ix86+x86_64, r-patched-linux-x86_64, r-patched-solaris-x86, r-release-linux-x86_64, r-release-macos-x86_64, r-release-windows-ix86+x86_64, r-oldrel-macos-x86_64, r-oldrel-windows-ix86+x86_64
Version: 8.6.6
Check: installed package size
Result: NOTE
installed size is 30.7Mb
sub-directories of 1Mb or more:
libs 30.4Mb
Flavors: r-devel-linux-x86_64-fedora-clang, r-devel-windows-ix86+x86_64, r-release-macos-x86_64, r-release-windows-ix86+x86_64, r-oldrel-macos-x86_64, r-oldrel-windows-ix86+x86_64