CRAN Package Check Results for Package FHtest

Last updated on 2020-12-04 00:48:21 CET.

Flavor Version Tinstall Tcheck Ttotal Status Flags
r-devel-linux-x86_64-debian-clang 1.5 10.70 78.72 89.42 OK
r-devel-linux-x86_64-debian-gcc 1.5 7.20 60.88 68.08 OK
r-devel-linux-x86_64-fedora-clang 1.5 113.08 NOTE
r-devel-linux-x86_64-fedora-gcc 1.5 102.35 OK
r-devel-windows-ix86+x86_64 1.5 18.00 101.00 119.00 OK
r-patched-linux-x86_64 1.5 9.08 74.79 83.87 OK
r-patched-solaris-x86 1.5 159.40 OK
r-release-linux-x86_64 1.5 8.42 75.70 84.12 OK
r-release-macos-x86_64 1.5 OK
r-release-windows-ix86+x86_64 1.5 14.00 92.00 106.00 OK
r-oldrel-macos-x86_64 1.5 OK
r-oldrel-windows-ix86+x86_64 1.5 13.00 93.00 106.00 OK

Check Details

Version: 1.5
Check: Rd cross-references
Result: NOTE
    Undeclared packages ‘MLEcens’, ‘Icens’ in Rd xrefs
Flavor: r-devel-linux-x86_64-fedora-clang