CRAN Package Check Results for Package ExPanDaR

Last updated on 2020-12-04 00:48:21 CET.

Flavor Version Tinstall Tcheck Ttotal Status Flags
r-devel-linux-x86_64-debian-clang 0.5.1 10.11 116.87 126.98 NOTE
r-devel-linux-x86_64-debian-gcc 0.5.1 8.26 85.93 94.19 NOTE
r-devel-linux-x86_64-fedora-clang 0.5.1 154.11 NOTE
r-devel-linux-x86_64-fedora-gcc 0.5.1 147.89 NOTE
r-devel-windows-ix86+x86_64 0.5.1 20.00 140.00 160.00 OK
r-patched-linux-x86_64 0.5.1 8.65 109.62 118.27 NOTE
r-patched-solaris-x86 0.5.1 235.70 NOTE
r-release-linux-x86_64 0.5.1 8.05 109.15 117.20 NOTE
r-release-macos-x86_64 0.5.1 OK
r-release-windows-ix86+x86_64 0.5.1 16.00 111.00 127.00 OK
r-oldrel-macos-x86_64 0.5.1 OK
r-oldrel-windows-ix86+x86_64 0.5.1 15.00 138.00 153.00 OK

Check Details

Version: 0.5.1
Check: package dependencies
Result: NOTE
    Package suggested but not available for checking: 'wbstats'
Flavors: r-devel-linux-x86_64-debian-clang, r-devel-linux-x86_64-debian-gcc, r-devel-linux-x86_64-fedora-clang, r-devel-linux-x86_64-fedora-gcc, r-patched-linux-x86_64, r-patched-solaris-x86, r-release-linux-x86_64

Version: 0.5.1
Check: Rd cross-references
Result: NOTE
    Unknown package 'wbstats' in Rd xrefs
Flavors: r-devel-linux-x86_64-debian-clang, r-devel-linux-x86_64-debian-gcc, r-devel-linux-x86_64-fedora-clang, r-devel-linux-x86_64-fedora-gcc, r-patched-linux-x86_64, r-patched-solaris-x86, r-release-linux-x86_64