Last updated on 2020-12-04 00:48:21 CET.
Flavor | Version | Tinstall | Tcheck | Ttotal | Status | Flags |
---|---|---|---|---|---|---|
r-devel-linux-x86_64-debian-clang | 2.0.0 | 8.60 | 98.95 | 107.55 | OK | |
r-devel-linux-x86_64-debian-gcc | 2.0.0 | 8.09 | 78.77 | 86.86 | OK | |
r-devel-linux-x86_64-fedora-clang | 2.0.0 | 143.90 | NOTE | |||
r-devel-linux-x86_64-fedora-gcc | 2.0.0 | 134.32 | NOTE | |||
r-devel-windows-ix86+x86_64 | 2.0.0 | 20.00 | 135.00 | 155.00 | OK | |
r-patched-linux-x86_64 | 2.0.0 | 10.15 | 96.21 | 106.36 | OK | |
r-patched-solaris-x86 | 2.0.0 | 191.80 | NOTE | |||
r-release-linux-x86_64 | 2.0.0 | 10.10 | 97.12 | 107.22 | OK | |
r-release-macos-x86_64 | 2.0.0 | NOTE | ||||
r-release-windows-ix86+x86_64 | 2.0.0 | 13.00 | 122.00 | 135.00 | OK | |
r-oldrel-macos-x86_64 | 2.0.0 | NOTE | ||||
r-oldrel-windows-ix86+x86_64 | 2.0.0 | 14.00 | 127.00 | 141.00 | OK |
Version: 2.0.0
Check: dependencies in R code
Result: NOTE
Namespaces in Imports field not imported from:
‘RCurl’ ‘foreign’
All declared Imports should be used.
Flavors: r-devel-linux-x86_64-fedora-clang, r-devel-linux-x86_64-fedora-gcc, r-patched-solaris-x86, r-release-macos-x86_64, r-oldrel-macos-x86_64