CRAN Package Check Results for Package EpiReport

Last updated on 2020-12-04 00:48:21 CET.

Flavor Version Tinstall Tcheck Ttotal Status Flags
r-devel-linux-x86_64-debian-clang 0.1.1 7.03 65.71 72.74 OK
r-devel-linux-x86_64-debian-gcc 0.1.1 5.47 50.68 56.15 OK
r-devel-linux-x86_64-fedora-clang 0.1.1 94.57 NOTE
r-devel-linux-x86_64-fedora-gcc 0.1.1 84.64 NOTE
r-devel-windows-ix86+x86_64 0.1.1 10.00 90.00 100.00 OK
r-patched-linux-x86_64 0.1.1 6.92 62.56 69.48 OK
r-patched-solaris-x86 0.1.1 130.10 NOTE
r-release-linux-x86_64 0.1.1 6.47 63.36 69.83 OK
r-release-macos-x86_64 0.1.1 NOTE
r-release-windows-ix86+x86_64 0.1.1 8.00 65.00 73.00 OK
r-oldrel-macos-x86_64 0.1.1 NOTE
r-oldrel-windows-ix86+x86_64 0.1.1 7.00 88.00 95.00 OK

Check Details

Version: 0.1.1
Check: dependencies in R code
Result: NOTE
    Namespaces in Imports field not imported from:
     ‘extrafont’ ‘graphics’ ‘knitr’ ‘rmarkdown’ ‘utils’
     All declared Imports should be used.
Flavors: r-devel-linux-x86_64-fedora-clang, r-devel-linux-x86_64-fedora-gcc, r-patched-solaris-x86, r-release-macos-x86_64, r-oldrel-macos-x86_64