Last updated on 2020-12-04 00:48:21 CET.
Flavor | Version | Tinstall | Tcheck | Ttotal | Status | Flags |
---|---|---|---|---|---|---|
r-devel-linux-x86_64-debian-clang | 1.0.0 | 156.40 | 27.18 | 183.58 | OK | |
r-devel-linux-x86_64-debian-gcc | 1.0.0 | 167.49 | 25.40 | 192.89 | OK | |
r-devel-linux-x86_64-fedora-clang | 1.0.0 | 272.32 | NOTE | |||
r-devel-linux-x86_64-fedora-gcc | 1.0.0 | 326.81 | OK | |||
r-devel-windows-ix86+x86_64 | 1.0.0 | 360.00 | 79.00 | 439.00 | OK | |
r-patched-linux-x86_64 | 1.0.0 | 169.90 | 29.93 | 199.83 | OK | |
r-patched-solaris-x86 | 1.0.0 | 260.10 | OK | |||
r-release-linux-x86_64 | 1.0.0 | 176.69 | 28.99 | 205.68 | OK | |
r-release-macos-x86_64 | 1.0.0 | NOTE | ||||
r-release-windows-ix86+x86_64 | 1.0.0 | 270.00 | 75.00 | 345.00 | OK | |
r-oldrel-macos-x86_64 | 1.0.0 | NOTE | ||||
r-oldrel-windows-ix86+x86_64 | 1.0.0 | 310.00 | 57.00 | 367.00 | OK |
Version: 1.0.0
Check: installed package size
Result: NOTE
installed size is 76.9Mb
sub-directories of 1Mb or more:
libs 76.8Mb
Flavors: r-devel-linux-x86_64-fedora-clang, r-release-macos-x86_64, r-oldrel-macos-x86_64