Last updated on 2020-12-04 00:48:20 CET.
Flavor | Version | Tinstall | Tcheck | Ttotal | Status | Flags |
---|---|---|---|---|---|---|
r-devel-linux-x86_64-debian-clang | 0.4.12.1 | 6.22 | 43.81 | 50.03 | OK | |
r-devel-linux-x86_64-debian-gcc | 0.4.12.1 | 5.33 | 35.22 | 40.55 | OK | |
r-devel-linux-x86_64-fedora-clang | 0.4.12.1 | 66.85 | NOTE | |||
r-devel-linux-x86_64-fedora-gcc | 0.4.12.1 | 59.23 | NOTE | |||
r-devel-windows-ix86+x86_64 | 0.4.12.1 | 11.00 | 85.00 | 96.00 | OK | |
r-patched-linux-x86_64 | 0.4.12.1 | 5.67 | 41.61 | 47.28 | OK | |
r-patched-solaris-x86 | 0.4.12.1 | 83.60 | NOTE | |||
r-release-linux-x86_64 | 0.4.12.1 | 5.89 | 41.97 | 47.86 | OK | |
r-release-macos-x86_64 | 0.4.12.1 | NOTE | ||||
r-release-windows-ix86+x86_64 | 0.4.12.1 | 9.00 | 101.00 | 110.00 | OK | |
r-oldrel-macos-x86_64 | 0.4.12.1 | NOTE | ||||
r-oldrel-windows-ix86+x86_64 | 0.4.12.1 | 9.00 | 63.00 | 72.00 | OK |
Version: 0.4.12.1
Check: data for non-ASCII characters
Result: NOTE
Note: found 8 marked UTF-8 strings
Flavors: r-devel-linux-x86_64-fedora-clang, r-devel-linux-x86_64-fedora-gcc, r-patched-solaris-x86, r-release-macos-x86_64, r-oldrel-macos-x86_64