Last updated on 2020-12-04 00:48:20 CET.
Flavor | Version | Tinstall | Tcheck | Ttotal | Status | Flags |
---|---|---|---|---|---|---|
r-devel-linux-x86_64-debian-clang | 0.2-4 | 16.80 | 152.42 | 169.22 | OK | |
r-devel-linux-x86_64-debian-gcc | 0.2-4 | 13.77 | 113.19 | 126.96 | OK | |
r-devel-linux-x86_64-fedora-clang | 0.2-4 | 209.01 | NOTE | |||
r-devel-linux-x86_64-fedora-gcc | 0.2-4 | 200.22 | OK | |||
r-devel-windows-ix86+x86_64 | 0.2-4 | 30.00 | 206.00 | 236.00 | OK | |
r-patched-linux-x86_64 | 0.2-4 | 12.25 | 142.32 | 154.57 | OK | |
r-patched-solaris-x86 | 0.2-4 | 268.10 | OK | |||
r-release-linux-x86_64 | 0.2-4 | 11.73 | 141.77 | 153.50 | OK | |
r-release-macos-x86_64 | 0.2-4 | OK | ||||
r-release-windows-ix86+x86_64 | 0.2-4 | 24.00 | 148.00 | 172.00 | OK | |
r-oldrel-macos-x86_64 | 0.2-4 | OK | ||||
r-oldrel-windows-ix86+x86_64 | 0.2-4 | 25.00 | 178.00 | 203.00 | OK |
Version: 0.2-4
Check: Rd cross-references
Result: NOTE
Undeclared packages ‘EnvStats’, ‘drc’, ‘zoo’, ‘prodlim’, ‘plyr’, ‘TRAMPR’, ‘gdata’, ‘raster’ in Rd xrefs
Flavor: r-devel-linux-x86_64-fedora-clang