CRAN Package Check Results for Package Ecdat

Last updated on 2020-12-04 00:48:20 CET.

Flavor Version Tinstall Tcheck Ttotal Status Flags
r-devel-linux-x86_64-debian-clang 0.3-9 13.12 56.51 69.63 OK
r-devel-linux-x86_64-debian-gcc 0.3-9 11.85 44.54 56.39 OK
r-devel-linux-x86_64-fedora-clang 0.3-9 91.03 NOTE
r-devel-linux-x86_64-fedora-gcc 0.3-9 81.73 OK
r-devel-windows-ix86+x86_64 0.3-9 30.00 88.00 118.00 OK
r-patched-linux-x86_64 0.3-9 10.33 55.53 65.86 OK
r-patched-solaris-x86 0.3-9 114.20 OK
r-release-linux-x86_64 0.3-9 9.84 55.12 64.96 OK
r-release-macos-x86_64 0.3-9 OK
r-release-windows-ix86+x86_64 0.3-9 23.00 63.00 86.00 OK
r-oldrel-macos-x86_64 0.3-9 OK
r-oldrel-windows-ix86+x86_64 0.3-9 24.00 79.00 103.00 OK

Check Details

Version: 0.3-9
Check: Rd cross-references
Result: NOTE
    Undeclared packages ‘plm’, ‘systemfit’, ‘carData’, ‘wooldridge’ in Rd xrefs
Flavor: r-devel-linux-x86_64-fedora-clang