CRAN Package Check Results for Package Eagle

Last updated on 2020-12-04 00:48:20 CET.

Flavor Version Tinstall Tcheck Ttotal Status Flags
r-devel-linux-x86_64-debian-clang 2.4.1 309.59 74.38 383.97 OK
r-devel-linux-x86_64-debian-gcc 2.4.1 198.67 59.57 258.24 OK
r-devel-linux-x86_64-fedora-clang 2.4.1 562.49 NOTE
r-devel-linux-x86_64-fedora-gcc 2.4.1 487.55 OK
r-devel-windows-ix86+x86_64 2.4.1 718.00 148.00 866.00 OK
r-patched-linux-x86_64 2.4.1 241.82 72.06 313.88 OK
r-patched-solaris-x86 2.4.1 407.60 OK
r-release-linux-x86_64 2.4.1 238.50 70.72 309.22 OK
r-release-macos-x86_64 2.4.1 NOTE
r-release-windows-ix86+x86_64 2.4.1 523.00 110.00 633.00 OK
r-oldrel-macos-x86_64 2.4.1 NOTE
r-oldrel-windows-ix86+x86_64 2.4.1 583.00 128.00 711.00 OK

Check Details

Version: 2.4.1
Check: installed package size
Result: NOTE
     installed size is 13.8Mb
     sub-directories of 1Mb or more:
     libs 12.3Mb
     shiny_app 1.1Mb
Flavors: r-devel-linux-x86_64-fedora-clang, r-release-macos-x86_64, r-oldrel-macos-x86_64