CRAN Package Check Results for Package ER

Last updated on 2020-12-04 00:48:21 CET.

Flavor Version Tinstall Tcheck Ttotal Status Flags
r-devel-linux-x86_64-debian-clang 1.0.2 13.98 102.11 116.09 OK
r-devel-linux-x86_64-debian-gcc 1.0.2 12.69 80.25 92.94 OK
r-devel-linux-x86_64-fedora-clang 1.0.2 146.54 NOTE
r-devel-linux-x86_64-fedora-gcc 1.0.2 134.91 NOTE
r-devel-windows-ix86+x86_64 1.0.2 30.00 124.00 154.00 OK
r-patched-linux-x86_64 1.0.2 14.33 93.77 108.10 OK
r-patched-solaris-x86 1.0.2 193.10 NOTE
r-release-linux-x86_64 1.0.2 14.02 95.51 109.53 OK
r-release-macos-x86_64 1.0.2 NOTE
r-release-windows-ix86+x86_64 1.0.2 21.00 91.00 112.00 OK
r-oldrel-macos-x86_64 1.0.2 WARN
r-oldrel-windows-ix86+x86_64 1.0.2 23.00 112.00 135.00 OK

Check Details

Version: 1.0.2
Check: dependencies in R code
Result: NOTE
    Namespace in Imports field not imported from: ‘methods’
     All declared Imports should be used.
Flavors: r-devel-linux-x86_64-fedora-clang, r-devel-linux-x86_64-fedora-gcc, r-patched-solaris-x86, r-release-macos-x86_64, r-oldrel-macos-x86_64

Version: 1.0.2
Check: whether package can be installed
Result: WARN
    Found the following significant warnings:
     Warning: 'rgl.init' failed, running with 'rgl.useNULL = TRUE'.
Flavor: r-oldrel-macos-x86_64