CRAN Package Check Results for Package ELT

Last updated on 2020-12-04 00:48:21 CET.

Flavor Version Tinstall Tcheck Ttotal Status Flags
r-devel-linux-x86_64-debian-clang 1.6 13.04 100.78 113.82 OK
r-devel-linux-x86_64-debian-gcc 1.6 12.25 75.64 87.89 OK
r-devel-linux-x86_64-fedora-clang 1.6 140.73 OK
r-devel-linux-x86_64-fedora-gcc 1.6 131.05 OK
r-devel-windows-ix86+x86_64 1.6 23.00 101.00 124.00 OK
r-patched-linux-x86_64 1.6 14.37 93.03 107.40 OK
r-patched-solaris-x86 1.6 145.20 OK
r-release-linux-x86_64 1.6 15.23 93.92 109.15 OK
r-release-macos-x86_64 1.6 OK
r-release-windows-ix86+x86_64 1.6 18.00 94.00 112.00 OK
r-oldrel-macos-x86_64 1.6 OK
r-oldrel-windows-ix86+x86_64 1.6 13.00 6.00 19.00 ERROR

Check Details

Version: 1.6
Check: whether package can be installed
Result: ERROR
    Installation failed.
Flavor: r-oldrel-windows-ix86+x86_64