Last updated on 2020-12-04 00:48:20 CET.
Flavor | Version | Tinstall | Tcheck | Ttotal | Status | Flags |
---|---|---|---|---|---|---|
r-devel-linux-x86_64-debian-clang | 1.0.3 | 10.21 | 80.83 | 91.04 | NOTE | |
r-devel-linux-x86_64-debian-gcc | 1.0.3 | 8.62 | 62.20 | 70.82 | NOTE | |
r-devel-linux-x86_64-fedora-clang | 1.0.3 | 119.28 | NOTE | |||
r-devel-linux-x86_64-fedora-gcc | 1.0.3 | 106.17 | NOTE | |||
r-devel-windows-ix86+x86_64 | 1.0.3 | 21.00 | 102.00 | 123.00 | OK | |
r-patched-linux-x86_64 | 1.0.3 | 9.20 | 75.77 | 84.97 | NOTE | |
r-patched-solaris-x86 | 1.0.3 | 162.80 | NOTE | |||
r-release-linux-x86_64 | 1.0.3 | 10.78 | 74.81 | 85.59 | NOTE | |
r-release-macos-x86_64 | 1.0.3 | OK | ||||
r-release-windows-ix86+x86_64 | 1.0.3 | 17.00 | 81.00 | 98.00 | OK | |
r-oldrel-macos-x86_64 | 1.0.3 | OK | ||||
r-oldrel-windows-ix86+x86_64 | 1.0.3 | 16.00 | 96.00 | 112.00 | OK |
Version: 1.0.3
Check: for non-standard things in the check directory
Result: NOTE
Found the following files/directories:
'eval_test_LG_ROC.pdf' 'test.pdf'
Flavors: r-devel-linux-x86_64-debian-clang, r-devel-linux-x86_64-debian-gcc, r-devel-linux-x86_64-fedora-clang, r-devel-linux-x86_64-fedora-gcc, r-patched-linux-x86_64, r-patched-solaris-x86, r-release-linux-x86_64