CRAN Package Check Results for Package EDNE.EQ

Last updated on 2020-12-04 00:48:20 CET.

Flavor Version Tinstall Tcheck Ttotal Status Flags
r-devel-linux-x86_64-debian-clang 1.0 2.17 27.39 29.56 OK
r-devel-linux-x86_64-debian-gcc 1.0 1.74 21.59 23.33 OK
r-devel-linux-x86_64-fedora-clang 1.0 42.75 NOTE
r-devel-linux-x86_64-fedora-gcc 1.0 33.34 OK
r-devel-windows-ix86+x86_64 1.0 4.00 45.00 49.00 OK
r-patched-linux-x86_64 1.0 1.98 25.43 27.41 OK
r-patched-solaris-x86 1.0 48.60 OK
r-release-linux-x86_64 1.0 2.00 26.28 28.28 OK
r-release-macos-x86_64 1.0 OK
r-release-windows-ix86+x86_64 1.0 4.00 39.00 43.00 OK
r-oldrel-macos-x86_64 1.0 OK
r-oldrel-windows-ix86+x86_64 1.0 3.00 40.00 43.00 OK

Check Details

Version: 1.0
Check: Rd cross-references
Result: NOTE
    Undeclared package ‘T2EQ’ in Rd xrefs
Flavor: r-devel-linux-x86_64-fedora-clang