Last updated on 2020-12-04 00:48:20 CET.
Flavor | Version | Tinstall | Tcheck | Ttotal | Status | Flags |
---|---|---|---|---|---|---|
r-devel-linux-x86_64-debian-clang | 1.0.2 | 35.22 | 96.55 | 131.77 | OK | |
r-devel-linux-x86_64-debian-gcc | 1.0.2 | 26.33 | 74.02 | 100.35 | OK | |
r-devel-linux-x86_64-fedora-clang | 1.0.2 | 172.43 | NOTE | |||
r-devel-linux-x86_64-fedora-gcc | 1.0.2 | 160.70 | NOTE | |||
r-devel-windows-ix86+x86_64 | 1.0.2 | 79.00 | 170.00 | 249.00 | OK | |
r-patched-linux-x86_64 | 1.0.2 | 24.18 | 90.97 | 115.15 | OK | |
r-patched-solaris-x86 | 1.0.2 | 206.50 | NOTE | |||
r-release-linux-x86_64 | 1.0.2 | 21.65 | 90.86 | 112.51 | OK | |
r-release-macos-x86_64 | 1.0.2 | NOTE | ||||
r-release-windows-ix86+x86_64 | 1.0.2 | 59.00 | 128.00 | 187.00 | OK | |
r-oldrel-macos-x86_64 | 1.0.2 | NOTE | ||||
r-oldrel-windows-ix86+x86_64 | 1.0.2 | 68.00 | 156.00 | 224.00 | OK |
Version: 1.0.2
Check: dependencies in R code
Result: NOTE
Namespaces in Imports field not imported from:
‘gtools’ ‘separationplot’
All declared Imports should be used.
Flavors: r-devel-linux-x86_64-fedora-clang, r-devel-linux-x86_64-fedora-gcc, r-patched-solaris-x86, r-release-macos-x86_64, r-oldrel-macos-x86_64