CRAN Package Check Results for Package Dykstra

Last updated on 2020-12-04 00:48:20 CET.

Flavor Version Tinstall Tcheck Ttotal Status Flags
r-devel-linux-x86_64-debian-clang 1.0-0 1.87 20.07 21.94 OK
r-devel-linux-x86_64-debian-gcc 1.0-0 1.66 16.95 18.61 OK
r-devel-linux-x86_64-fedora-clang 1.0-0 34.57 NOTE
r-devel-linux-x86_64-fedora-gcc 1.0-0 24.93 OK
r-devel-windows-ix86+x86_64 1.0-0 4.00 34.00 38.00 OK
r-patched-linux-x86_64 1.0-0 1.78 20.31 22.09 OK
r-patched-solaris-x86 1.0-0 38.40 OK
r-release-linux-x86_64 1.0-0 2.25 20.05 22.30 OK
r-release-macos-x86_64 1.0-0 OK
r-release-windows-ix86+x86_64 1.0-0 4.00 33.00 37.00 OK
r-oldrel-macos-x86_64 1.0-0 OK
r-oldrel-windows-ix86+x86_64 1.0-0 4.00 40.00 44.00 OK

Check Details

Version: 1.0-0
Check: Rd cross-references
Result: NOTE
    Undeclared package ‘quadprog’ in Rd xrefs
Flavor: r-devel-linux-x86_64-fedora-clang