CRAN Package Check Results for Package DoE.MIParray

Last updated on 2020-12-04 00:48:20 CET.

Flavor Version Tinstall Tcheck Ttotal Status Flags
r-devel-linux-x86_64-debian-clang 0.13 6.93 44.26 51.19 NOTE
r-devel-linux-x86_64-debian-gcc 0.13 5.30 35.62 40.92 NOTE
r-devel-linux-x86_64-fedora-clang 0.13 68.35 NOTE
r-devel-linux-x86_64-fedora-gcc 0.13 59.53 NOTE
r-devel-windows-ix86+x86_64 0.13 12.00 63.00 75.00 NOTE
r-patched-linux-x86_64 0.13 6.52 41.91 48.43 NOTE
r-patched-solaris-x86 0.13 80.80 NOTE
r-release-linux-x86_64 0.13 5.59 43.19 48.78 NOTE
r-release-macos-x86_64 0.13 NOTE
r-release-windows-ix86+x86_64 0.13 9.00 64.00 73.00 NOTE
r-oldrel-macos-x86_64 0.13 NOTE
r-oldrel-windows-ix86+x86_64 0.13 8.00 60.00 68.00 NOTE

Check Details

Version: 0.13
Check: package dependencies
Result: NOTE
    Package which this enhances but not available for checking: 'gurobi'
Flavors: r-devel-linux-x86_64-debian-clang, r-devel-linux-x86_64-debian-gcc, r-devel-linux-x86_64-fedora-clang, r-devel-linux-x86_64-fedora-gcc, r-devel-windows-ix86+x86_64, r-patched-linux-x86_64, r-release-linux-x86_64, r-release-macos-x86_64, r-release-windows-ix86+x86_64, r-oldrel-macos-x86_64, r-oldrel-windows-ix86+x86_64

Version: 0.13
Check: package dependencies
Result: NOTE
    Packages which this enhances but not available for checking:
     'gurobi', 'Rmosek'
Flavor: r-patched-solaris-x86