Last updated on 2020-12-04 00:48:20 CET.
Flavor | Version | Tinstall | Tcheck | Ttotal | Status | Flags |
---|---|---|---|---|---|---|
r-devel-linux-x86_64-debian-clang | 4.5 | 18.63 | 118.15 | 136.78 | OK | |
r-devel-linux-x86_64-debian-gcc | 4.5 | 11.97 | 87.95 | 99.92 | OK | |
r-devel-linux-x86_64-fedora-clang | 4.5 | 160.72 | NOTE | |||
r-devel-linux-x86_64-fedora-gcc | 4.5 | 151.96 | NOTE | |||
r-devel-windows-ix86+x86_64 | 4.5 | 32.00 | 144.00 | 176.00 | OK | |
r-patched-linux-x86_64 | 4.5 | 13.49 | 108.83 | 122.32 | OK | |
r-patched-solaris-x86 | 4.5 | 176.50 | NOTE | |||
r-release-linux-x86_64 | 4.5 | 11.06 | 108.38 | 119.44 | OK | |
r-release-macos-x86_64 | 4.5 | NOTE | ||||
r-release-windows-ix86+x86_64 | 4.5 | 23.00 | 110.00 | 133.00 | OK | |
r-oldrel-macos-x86_64 | 4.5 | WARN | ||||
r-oldrel-windows-ix86+x86_64 | 4.5 | 25.00 | 108.00 | 133.00 | OK |
Version: 4.5
Check: dependencies in R code
Result: NOTE
Namespace in Imports field not imported from: ‘MASS’
All declared Imports should be used.
Flavors: r-devel-linux-x86_64-fedora-clang, r-devel-linux-x86_64-fedora-gcc, r-patched-solaris-x86, r-release-macos-x86_64, r-oldrel-macos-x86_64
Version: 4.5
Check: whether package can be installed
Result: WARN
Found the following significant warnings:
Warning: 'rgl.init' failed, running with 'rgl.useNULL = TRUE'.
Flavor: r-oldrel-macos-x86_64