Last updated on 2020-12-04 00:48:20 CET.
Flavor | Version | Tinstall | Tcheck | Ttotal | Status | Flags |
---|---|---|---|---|---|---|
r-devel-linux-x86_64-debian-clang | 1.1 | 23.52 | 193.95 | 217.47 | OK | |
r-devel-linux-x86_64-debian-gcc | 1.1 | 20.62 | 147.29 | 167.91 | OK | |
r-devel-linux-x86_64-fedora-clang | 1.1 | 266.13 | OK | |||
r-devel-linux-x86_64-fedora-gcc | 1.1 | 255.32 | OK | |||
r-devel-windows-ix86+x86_64 | 1.1 | 51.00 | 218.00 | 269.00 | OK | |
r-patched-linux-x86_64 | 1.1 | 17.15 | 181.05 | 198.20 | OK | |
r-patched-solaris-x86 | 1.1 | 349.90 | OK | |||
r-release-linux-x86_64 | 1.1 | 15.64 | 179.87 | 195.51 | OK | |
r-release-macos-x86_64 | 1.1 | OK | ||||
r-release-windows-ix86+x86_64 | 1.1 | 41.00 | 163.00 | 204.00 | OK | |
r-oldrel-macos-x86_64 | 1.1 | ERROR | ||||
r-oldrel-windows-ix86+x86_64 | 1.1 | 49.00 | 201.00 | 250.00 | OK |
Version: 1.1
Check: package dependencies
Result: ERROR
Package required but not available: ‘WGCNA’
See section ‘The DESCRIPTION file’ in the ‘Writing R Extensions’
manual.
Flavor: r-oldrel-macos-x86_64