Last updated on 2020-12-04 00:48:20 CET.
Flavor | Version | Tinstall | Tcheck | Ttotal | Status | Flags |
---|---|---|---|---|---|---|
r-devel-linux-x86_64-debian-clang | 1.0 | 4.35 | 274.22 | 278.57 | OK | |
r-devel-linux-x86_64-debian-gcc | 1.0 | 3.27 | 192.30 | 195.57 | OK | |
r-devel-linux-x86_64-fedora-clang | 1.0 | 310.40 | NOTE | |||
r-devel-linux-x86_64-fedora-gcc | 1.0 | 308.89 | OK | |||
r-devel-windows-ix86+x86_64 | 1.0 | 8.00 | 299.00 | 307.00 | NOTE | |
r-patched-linux-x86_64 | 1.0 | 4.17 | 246.13 | 250.30 | OK | |
r-patched-solaris-x86 | 1.0 | 397.20 | NOTE | |||
r-release-linux-x86_64 | 1.0 | 3.66 | 241.53 | 245.19 | OK | |
r-release-macos-x86_64 | 1.0 | NOTE | ||||
r-release-windows-ix86+x86_64 | 1.0 | 8.00 | 231.00 | 239.00 | NOTE | |
r-oldrel-macos-x86_64 | 1.0 | NOTE | ||||
r-oldrel-windows-ix86+x86_64 | 1.0 | 7.00 | 338.00 | 345.00 | NOTE |
Version: 1.0
Check: installed package size
Result: NOTE
installed size is 7.2Mb
sub-directories of 1Mb or more:
doc 4.9Mb
extdata 2.1Mb
Flavors: r-devel-linux-x86_64-fedora-clang, r-devel-windows-ix86+x86_64, r-patched-solaris-x86, r-release-macos-x86_64, r-release-windows-ix86+x86_64, r-oldrel-macos-x86_64, r-oldrel-windows-ix86+x86_64