CRAN Package Check Results for Package DecorateR

Last updated on 2020-12-04 00:48:19 CET.

Flavor Version Tinstall Tcheck Ttotal Status Flags
r-devel-linux-x86_64-debian-clang 0.1.2 8.92 75.91 84.83 OK
r-devel-linux-x86_64-debian-gcc 0.1.2 7.15 56.97 64.12 OK
r-devel-linux-x86_64-fedora-clang 0.1.2 114.66 OK
r-devel-linux-x86_64-fedora-gcc 0.1.2 107.78 OK
r-devel-windows-ix86+x86_64 0.1.2 15.00 81.00 96.00 OK
r-patched-linux-x86_64 0.1.2 8.62 73.24 81.86 OK
r-release-linux-x86_64 0.1.2 7.78 71.14 78.92 OK
r-release-macos-x86_64 0.1.2 OK
r-release-windows-ix86+x86_64 0.1.2 11.00 82.00 93.00 OK
r-oldrel-macos-x86_64 0.1.2 OK
r-oldrel-windows-ix86+x86_64 0.1.2 6.00 6.00 12.00 ERROR

Check Details

Version: 0.1.2
Check: whether package can be installed
Result: ERROR
    Installation failed.
Flavor: r-oldrel-windows-ix86+x86_64