CRAN Package Check Results for Package DeclareDesign

Last updated on 2020-12-04 00:48:19 CET.

Flavor Version Tinstall Tcheck Ttotal Status Flags
r-devel-linux-x86_64-debian-clang 0.24.0 8.49 178.48 186.97 OK
r-devel-linux-x86_64-debian-gcc 0.24.0 6.26 133.84 140.10 OK
r-devel-linux-x86_64-fedora-clang 0.24.0 227.66 NOTE
r-devel-linux-x86_64-fedora-gcc 0.24.0 228.36 OK
r-devel-windows-ix86+x86_64 0.24.0 22.00 214.00 236.00 OK
r-patched-linux-x86_64 0.24.0 7.81 170.90 178.71 OK
r-patched-solaris-x86 0.24.0 285.20 OK
r-release-linux-x86_64 0.24.0 7.78 171.86 179.64 OK
r-release-macos-x86_64 0.24.0 OK
r-release-windows-ix86+x86_64 0.24.0 12.00 149.00 161.00 OK
r-oldrel-macos-x86_64 0.24.0 OK
r-oldrel-windows-ix86+x86_64 0.24.0 17.00 210.00 227.00 OK

Check Details

Version: 0.24.0
Check: Rd cross-references
Result: NOTE
    Undeclared package ‘future’ in Rd xrefs
Flavor: r-devel-linux-x86_64-fedora-clang