Last updated on 2020-12-04 00:48:19 CET.
Flavor | Version | Tinstall | Tcheck | Ttotal | Status | Flags |
---|---|---|---|---|---|---|
r-devel-linux-x86_64-debian-clang | 1.1.0 | 4.03 | 31.62 | 35.65 | OK | |
r-devel-linux-x86_64-debian-gcc | 1.1.0 | 2.73 | 24.57 | 27.30 | OK | |
r-devel-linux-x86_64-fedora-clang | 1.1.0 | 53.18 | NOTE | |||
r-devel-linux-x86_64-fedora-gcc | 1.1.0 | 42.47 | OK | |||
r-devel-windows-ix86+x86_64 | 1.1.0 | 7.00 | 50.00 | 57.00 | NOTE | |
r-patched-linux-x86_64 | 1.1.0 | 3.34 | 30.17 | 33.51 | OK | |
r-patched-solaris-x86 | 1.1.0 | 60.60 | NOTE | |||
r-release-linux-x86_64 | 1.1.0 | 3.83 | 30.09 | 33.92 | OK | |
r-release-macos-x86_64 | 1.1.0 | NOTE | ||||
r-release-windows-ix86+x86_64 | 1.1.0 | 8.00 | 50.00 | 58.00 | NOTE | |
r-oldrel-macos-x86_64 | 1.1.0 | NOTE | ||||
r-oldrel-windows-ix86+x86_64 | 1.1.0 | 8.00 | 42.00 | 50.00 | NOTE |
Version: 1.1.0
Check: installed package size
Result: NOTE
installed size is 7.6Mb
sub-directories of 1Mb or more:
java 7.5Mb
Flavors: r-devel-linux-x86_64-fedora-clang, r-devel-windows-ix86+x86_64, r-patched-solaris-x86, r-release-macos-x86_64, r-release-windows-ix86+x86_64, r-oldrel-macos-x86_64, r-oldrel-windows-ix86+x86_64