Last updated on 2020-12-04 00:48:19 CET.
Flavor | Version | Tinstall | Tcheck | Ttotal | Status | Flags |
---|---|---|---|---|---|---|
r-devel-linux-x86_64-debian-clang | 3.0.0 | 8.07 | 65.65 | 73.72 | OK | |
r-devel-linux-x86_64-debian-gcc | 3.0.0 | 6.97 | 51.75 | 58.72 | OK | |
r-devel-linux-x86_64-fedora-clang | 3.0.0 | 98.87 | NOTE | |||
r-devel-linux-x86_64-fedora-gcc | 3.0.0 | 91.98 | NOTE | |||
r-devel-windows-ix86+x86_64 | 3.0.0 | 19.00 | 95.00 | 114.00 | OK | |
r-patched-linux-x86_64 | 3.0.0 | 7.89 | 62.28 | 70.17 | OK | |
r-patched-solaris-x86 | 3.0.0 | 117.70 | NOTE | |||
r-release-linux-x86_64 | 3.0.0 | 7.69 | 61.99 | 69.68 | OK | |
r-release-macos-x86_64 | 3.0.0 | NOTE | ||||
r-release-windows-ix86+x86_64 | 3.0.0 | 15.00 | 71.00 | 86.00 | OK | |
r-oldrel-macos-x86_64 | 3.0.0 | NOTE | ||||
r-oldrel-windows-ix86+x86_64 | 3.0.0 | 7.00 | 6.00 | 13.00 | ERROR |
Version: 3.0.0
Check: dependencies in R code
Result: NOTE
Namespace in Imports field not imported from: ‘DatabaseConnectorJars’
All declared Imports should be used.
Flavors: r-devel-linux-x86_64-fedora-clang, r-devel-linux-x86_64-fedora-gcc, r-patched-solaris-x86, r-release-macos-x86_64, r-oldrel-macos-x86_64
Version: 3.0.0
Check: package dependencies
Result: NOTE
Package suggested but not available for checking: ‘ssh’
Flavor: r-patched-solaris-x86
Version: 3.0.0
Check: whether package can be installed
Result: ERROR
Installation failed.
Flavor: r-oldrel-windows-ix86+x86_64