CRAN Package Check Results for Package DataLoader

Last updated on 2020-12-04 00:48:19 CET.

Flavor Version Tinstall Tcheck Ttotal Status Flags
r-devel-linux-x86_64-debian-clang 1.3 9.90 77.17 87.07 OK
r-devel-linux-x86_64-debian-gcc 1.3 8.32 59.93 68.25 OK
r-devel-linux-x86_64-fedora-clang 1.3 109.34 OK
r-devel-linux-x86_64-fedora-gcc 1.3 98.46 OK
r-devel-windows-ix86+x86_64 1.3 15.00 76.00 91.00 OK
r-patched-linux-x86_64 1.3 9.86 73.40 83.26 OK
r-patched-solaris-x86 1.3 107.70 OK
r-release-linux-x86_64 1.3 8.83 73.72 82.55 OK
r-release-macos-x86_64 1.3 OK
r-release-windows-ix86+x86_64 1.3 13.00 58.00 71.00 OK
r-oldrel-macos-x86_64 1.3 OK
r-oldrel-windows-ix86+x86_64 1.3 6.00 6.00 12.00 ERROR

Check Details

Version: 1.3
Check: whether package can be installed
Result: ERROR
    Installation failed.
Flavor: r-oldrel-windows-ix86+x86_64