CRAN Package Check Results for Package DSAIRM

Last updated on 2020-12-04 00:48:20 CET.

Flavor Version Tinstall Tcheck Ttotal Status Flags
r-devel-linux-x86_64-debian-clang 0.8.6 10.37 150.30 160.67 OK
r-devel-linux-x86_64-debian-gcc 0.8.6 8.33 107.88 116.21 OK
r-devel-linux-x86_64-fedora-clang 0.8.6 190.81 NOTE
r-devel-linux-x86_64-fedora-gcc 0.8.6 180.50 NOTE
r-devel-windows-ix86+x86_64 0.8.6 21.00 178.00 199.00 OK
r-patched-linux-x86_64 0.8.6 9.47 139.94 149.41 OK
r-patched-solaris-x86 0.8.6 231.00 NOTE
r-release-linux-x86_64 0.8.6 9.85 140.33 150.18 OK
r-release-macos-x86_64 0.8.6 NOTE
r-release-windows-ix86+x86_64 0.8.6 18.00 137.00 155.00 OK
r-oldrel-macos-x86_64 0.8.6 ERROR
r-oldrel-windows-ix86+x86_64 0.8.6 16.00 182.00 198.00 ERROR

Check Details

Version: 0.8.6
Check: dependencies in R code
Result: NOTE
    Namespace in Imports field not imported from: ‘tidyr’
     All declared Imports should be used.
Flavors: r-devel-linux-x86_64-fedora-clang, r-devel-linux-x86_64-fedora-gcc, r-patched-solaris-x86, r-release-macos-x86_64, r-oldrel-macos-x86_64

Version: 0.8.6
Check: tests
Result: ERROR
     Running ‘testthat.R’ [39s/39s]
    Running the tests in ‘tests/testthat.R’ failed.
    Last 13 lines of output:
     ── ERROR (test-run_model.R:58:13): run_model correctly runs different models ───
     Error: $ operator is invalid for atomic vectors
    
     ══ testthat results ═══════════════════════════════════════════════════════════
     ERROR (test-generate_shinyinput.R:21:13): generate_shinyinput correctly produces a shiny input structure
     Warning (test-generate_usplot.R:45:13): running US analysis app returns the proper plots
     Warning (test-generate_usplot.R:56:13): running US analysis app returns the proper plots
     Warning (test-generate_usplot.R:56:13): running US analysis app returns the proper plots
     Warning (test-generate_usplot.R:56:13): running US analysis app returns the proper plots
     Warning (test-run_model.R:57:13): run_model correctly runs different models
     ERROR (test-run_model.R:58:13): run_model correctly runs different models
    
     [ FAIL 2 | WARN 5 | SKIP 0 | PASS 54 ]
     Error: Test failures
     Execution halted
Flavor: r-oldrel-macos-x86_64

Version: 0.8.6
Check: tests
Result: ERROR
     Running 'testthat.R' [66s]
    Running the tests in 'tests/testthat.R' failed.
    Complete output:
     > library(testthat)
     > library(DSAIRM)
     Loading required package: shiny
     Welcome to the DSAIRM package. Type dsairmmenu() to get started.
     >
     > test_check("DSAIRM")
     -- ERROR (test-generate_shinyinput.R:21:13): generate_shinyinput correctly produ
     Error: 'nchar()' requires a character vector
     Backtrace:
     x
     1. \-base::nchar(appsettings$simfunction2) test-generate_shinyinput.R:21:12
    
     -- Warning (test-generate_usplot.R:45:13): running US analysis app returns the p
     `arrange_()` is deprecated as of dplyr 0.7.0.
     Please use `arrange()` instead.
     See vignette('programming') for more help
     This warning is displayed once every 8 hours.
     Call `lifecycle::last_warnings()` to see where this warning was generated.
    
     -- Warning (test-generate_usplot.R:56:13): running US analysis app returns the p
     Using shapes for an ordinal variable is not advised
    
     -- Warning (test-generate_usplot.R:56:13): running US analysis app returns the p
     Using shapes for an ordinal variable is not advised
    
     -- Warning (test-generate_usplot.R:56:13): running US analysis app returns the p
     Using shapes for an ordinal variable is not advised
    
     Error in seq.default(tstart, tfinal, by = dt) :
     wrong sign in 'by' argument
     Error in adaptivetau::ssa.adaptivetau(init.values = Y0, transitions = transitions, :
     initial value for variable 3 must be positive (currently -10)
     -- Warning (test-run_model.R:57:13): run_model correctly runs different models -
     argument is not a function
    
     Error in eval(generate_fctcall(modelsettings)) :
     attempt to apply non-function
     -- ERROR (test-run_model.R:58:13): run_model correctly runs different models ---
     Error: $ operator is invalid for atomic vectors
    
     == testthat results ===========================================================
     ERROR (test-generate_shinyinput.R:21:13): generate_shinyinput correctly produces a shiny input structure
     Warning (test-generate_usplot.R:45:13): running US analysis app returns the proper plots
     Warning (test-generate_usplot.R:56:13): running US analysis app returns the proper plots
     Warning (test-generate_usplot.R:56:13): running US analysis app returns the proper plots
     Warning (test-generate_usplot.R:56:13): running US analysis app returns the proper plots
     Warning (test-run_model.R:57:13): run_model correctly runs different models
     ERROR (test-run_model.R:58:13): run_model correctly runs different models
    
     [ FAIL 2 | WARN 5 | SKIP 0 | PASS 54 ]
     Error: Test failures
     Execution halted
Flavor: r-oldrel-windows-ix86+x86_64