CRAN Package Check Results for Package DSAIDE

Last updated on 2020-12-04 00:48:20 CET.

Flavor Version Tinstall Tcheck Ttotal Status Flags
r-devel-linux-x86_64-debian-clang 0.8.3 10.08 113.37 123.45 OK
r-devel-linux-x86_64-debian-gcc 0.8.3 7.84 82.63 90.47 OK
r-devel-linux-x86_64-fedora-clang 0.8.3 147.41 OK
r-devel-linux-x86_64-fedora-gcc 0.8.3 139.16 OK
r-devel-windows-ix86+x86_64 0.8.3 20.00 137.00 157.00 OK
r-patched-linux-x86_64 0.8.3 10.28 105.45 115.73 OK
r-patched-solaris-x86 0.8.3 184.70 NOTE
r-release-linux-x86_64 0.8.3 9.12 106.05 115.17 OK
r-release-macos-x86_64 0.8.3 OK
r-release-windows-ix86+x86_64 0.8.3 17.00 105.00 122.00 OK
r-oldrel-macos-x86_64 0.8.3 OK
r-oldrel-windows-ix86+x86_64 0.8.3 16.00 141.00 157.00 OK

Check Details

Version: 0.8.3
Check: installed package size
Result: NOTE
     installed size is 5.5Mb
     sub-directories of 1Mb or more:
     appinformation 4.2Mb
Flavor: r-patched-solaris-x86