CRAN Package Check Results for Package DPQmpfr

Last updated on 2020-12-04 00:48:20 CET.

Flavor Version Tinstall Tcheck Ttotal Status Flags
r-devel-linux-x86_64-debian-clang 0.3-0 4.48 165.75 170.23 OK
r-devel-linux-x86_64-debian-gcc 0.3-0 4.03 126.60 130.63 OK
r-devel-linux-x86_64-fedora-clang 0.3-0 202.04 NOTE
r-devel-linux-x86_64-fedora-gcc 0.3-0 194.52 NOTE
r-devel-windows-ix86+x86_64 0.3-0 10.00 198.00 208.00 OK
r-patched-linux-x86_64 0.3-0 5.18 160.78 165.96 OK
r-patched-solaris-x86 0.3-0 222.10 NOTE
r-release-linux-x86_64 0.3-0 5.24 158.55 163.79 OK
r-release-macos-x86_64 0.3-0 NOTE
r-release-windows-ix86+x86_64 0.3-0 9.00 185.00 194.00 OK
r-oldrel-macos-x86_64 0.3-0 ERROR
r-oldrel-windows-ix86+x86_64 0.3-0 7.00 180.00 187.00 ERROR

Check Details

Version: 0.3-0
Check: dependencies in R code
Result: NOTE
    Namespace in Imports field not imported from: ‘graphics’
     All declared Imports should be used.
Flavors: r-devel-linux-x86_64-fedora-clang, r-devel-linux-x86_64-fedora-gcc, r-patched-solaris-x86, r-release-macos-x86_64

Version: 0.3-0
Check: whether package can be installed
Result: ERROR
    Installation failed.
Flavor: r-oldrel-macos-x86_64

Version: 0.3-0
Check: tests
Result: ERROR
     Running 'beta-Ding94.R' [106s]
     Running 'dpqnorm-tst.R' [2s]
     Running 'hypergeom.R' [3s]
     Running 't-nonc_tst.R' [6s]
    Running the tests in 'tests/dpqnorm-tst.R' failed.
    Complete output:
     > require(DPQmpfr)
     Loading required package: DPQmpfr
     > require(Rmpfr)
     Loading required package: Rmpfr
     Loading required package: gmp
    
     Attaching package: 'gmp'
    
     The following objects are masked from 'package:base':
    
     %*%, apply, crossprod, matrix, tcrossprod
    
     C code of R package 'Rmpfr': GMP using 64 bits per limb
    
    
     Attaching package: 'Rmpfr'
    
     The following object is masked from 'package:gmp':
    
     outer
    
     The following objects are masked from 'package:stats':
    
     dbinom, dgamma, dnbinom, dnorm, dpois, pnorm
    
     The following objects are masked from 'package:base':
    
     cbind, pmax, pmin, rbind
    
     >
     > ## very accurate set of *large* abscissa values
     > x <- mpfr(2,1024)^ seq(3, 100, by=1/2)
     > xN <- asNumeric(x)
     >
     > ## Looking at pnormU_S53() = upper bound to pnorm(), for large x,
     > ## the term log(4 / (3 + sqrt(1 + 8/x^2))) early underflows to 0:
     > eps_S53 <- function(x, method = c("direct", "log1pExct", "deltaFull",
     + "delta1", "delta2", "delta3")) {
     + method <- match.arg(method)
     + delta <- function(x) { xm2 <- x^-2; (.5*(1 - sqrt(1 + 8*xm2)) + xm2) / (1 + xm2) }
     + switch(method,
     + "direct" = log(4 / (3 + sqrt(1 + 8*x^-2))),
     + "log1pExct" = log1p(delta(x)),
     + "deltaFull" = delta(x),
     + "delta1" = -1/(x^2+1) , ## 1 term for delta(x)
     + "delta2" = -(1 - (2/x)^2) / (x^2+1) , ## 2 terms for delta(x)
     + "delta3" = {tx2 <- (2/x)^2 ; -(1 - tx2*(1 - tx2)) / (x^2+1) }, ## 3 terms
     + stop("invalid 'method': ", method))
     + }
     >
     >
     > (S53meth <- eval(formals(eps_S53)$method))
     [1] "direct" "log1pExct" "deltaFull" "delta1" "delta2" "delta3"
     > ## "direct" "log1pExct" "deltaFull" "delta1" "delta2" "delta3"
     >
     > epsAllS53 <- function(x, meth = eval(formals(eps_S53)$method)) {
     + stopifnot(is.character(meth), is.numeric(x) || is(x,"mpfr"))
     + Rl <- lapply(meth, function(m) eps_S53(x, method=m))
     + new("mpfrMatrix", unlist(Rl),
     + Dim = c(length(x), length(meth)),
     + Dimnames = list(NULL, meth))
     + }
     >
     > EA <- epsAllS53(x)
     > asNumeric(EA) # looks +- ok
     direct log1pExct deltaFull delta1 delta2
     [1,] -1.505120e-02 -1.458470e-02 -1.447885e-02 -1.538462e-02 -1.442308e-02
     [2,] -7.664653e-03 -7.545372e-03 -7.516977e-03 -7.751938e-03 -7.509690e-03
     [3,] -3.868707e-03 -3.838543e-03 -3.831185e-03 -3.891051e-03 -3.830253e-03
     [4,] -1.943664e-03 -1.936080e-03 -1.934207e-03 -1.949318e-03 -1.934089e-03
     [5,] -9.741879e-04 -9.722861e-04 -9.718136e-04 -9.756098e-04 -9.717988e-04
     [6,] -4.876864e-04 -4.872103e-04 -4.870916e-04 -4.880429e-04 -4.870897e-04
     [7,] -2.439918e-04 -2.438726e-04 -2.438429e-04 -2.440810e-04 -2.438427e-04
     [8,] -1.220331e-04 -1.220033e-04 -1.219958e-04 -1.220554e-04 -1.219958e-04
     [9,] -6.102585e-05 -6.101840e-05 -6.101653e-05 -6.103143e-05 -6.101653e-05
     [10,] -3.051525e-05 -3.051339e-05 -3.051292e-05 -3.051665e-05 -3.051292e-05
     [11,] -1.525821e-05 -1.525774e-05 -1.525762e-05 -1.525856e-05 -1.525762e-05
     [12,] -7.629249e-06 -7.629133e-06 -7.629104e-06 -7.629336e-06 -7.629103e-06
     [13,] -3.814661e-06 -3.814632e-06 -3.814625e-06 -3.814683e-06 -3.814625e-06
     [14,] -1.907340e-06 -1.907332e-06 -1.907330e-06 -1.907345e-06 -1.907330e-06
     [15,] -9.536720e-07 -9.536702e-07 -9.536698e-07 -9.536734e-07 -9.536698e-07
     [16,] -4.768366e-07 -4.768361e-07 -4.768360e-07 -4.768369e-07 -4.768360e-07
     [17,] -2.384184e-07 -2.384183e-07 -2.384183e-07 -2.384185e-07 -2.384183e-07
     [18,] -1.192093e-07 -1.192092e-07 -1.192092e-07 -1.192093e-07 -1.192092e-07
     [19,] -5.960464e-08 -5.960463e-08 -5.960463e-08 -5.960464e-08 -5.960463e-08
     [20,] -2.980232e-08 -2.980232e-08 -2.980232e-08 -2.980232e-08 -2.980232e-08
     [21,] -1.490116e-08 -1.490116e-08 -1.490116e-08 -1.490116e-08 -1.490116e-08
     [22,] -7.450580e-09 -7.450580e-09 -7.450580e-09 -7.450581e-09 -7.450580e-09
     [23,] -3.725290e-09 -3.725290e-09 -3.725290e-09 -3.725290e-09 -3.725290e-09
     [24,] -1.862645e-09 -1.862645e-09 -1.862645e-09 -1.862645e-09 -1.862645e-09
     [25,] -9.313226e-10 -9.313226e-10 -9.313226e-10 -9.313226e-10 -9.313226e-10
     [26,] -4.656613e-10 -4.656613e-10 -4.656613e-10 -4.656613e-10 -4.656613e-10
     [27,] -2.328306e-10 -2.328306e-10 -2.328306e-10 -2.328306e-10 -2.328306e-10
     [28,] -1.164153e-10 -1.164153e-10 -1.164153e-10 -1.164153e-10 -1.164153e-10
     [29,] -5.820766e-11 -5.820766e-11 -5.820766e-11 -5.820766e-11 -5.820766e-11
     [30,] -2.910383e-11 -2.910383e-11 -2.910383e-11 -2.910383e-11 -2.910383e-11
     [31,] -1.455192e-11 -1.455192e-11 -1.455192e-11 -1.455192e-11 -1.455192e-11
     [32,] -7.275958e-12 -7.275958e-12 -7.275958e-12 -7.275958e-12 -7.275958e-12
     [33,] -3.637979e-12 -3.637979e-12 -3.637979e-12 -3.637979e-12 -3.637979e-12
     [34,] -1.818989e-12 -1.818989e-12 -1.818989e-12 -1.818989e-12 -1.818989e-12
     [35,] -9.094947e-13 -9.094947e-13 -9.094947e-13 -9.094947e-13 -9.094947e-13
     [36,] -4.547474e-13 -4.547474e-13 -4.547474e-13 -4.547474e-13 -4.547474e-13
     [37,] -2.273737e-13 -2.273737e-13 -2.273737e-13 -2.273737e-13 -2.273737e-13
     [38,] -1.136868e-13 -1.136868e-13 -1.136868e-13 -1.136868e-13 -1.136868e-13
     [39,] -5.684342e-14 -5.684342e-14 -5.684342e-14 -5.684342e-14 -5.684342e-14
     [40,] -2.842171e-14 -2.842171e-14 -2.842171e-14 -2.842171e-14 -2.842171e-14
     [41,] -1.421085e-14 -1.421085e-14 -1.421085e-14 -1.421085e-14 -1.421085e-14
     [42,] -7.105427e-15 -7.105427e-15 -7.105427e-15 -7.105427e-15 -7.105427e-15
     [43,] -3.552714e-15 -3.552714e-15 -3.552714e-15 -3.552714e-15 -3.552714e-15
     [44,] -1.776357e-15 -1.776357e-15 -1.776357e-15 -1.776357e-15 -1.776357e-15
     [45,] -8.881784e-16 -8.881784e-16 -8.881784e-16 -8.881784e-16 -8.881784e-16
     [46,] -4.440892e-16 -4.440892e-16 -4.440892e-16 -4.440892e-16 -4.440892e-16
     [47,] -2.220446e-16 -2.220446e-16 -2.220446e-16 -2.220446e-16 -2.220446e-16
     [48,] -1.110223e-16 -1.110223e-16 -1.110223e-16 -1.110223e-16 -1.110223e-16
     [49,] -5.551115e-17 -5.551115e-17 -5.551115e-17 -5.551115e-17 -5.551115e-17
     [50,] -2.775558e-17 -2.775558e-17 -2.775558e-17 -2.775558e-17 -2.775558e-17
     [51,] -1.387779e-17 -1.387779e-17 -1.387779e-17 -1.387779e-17 -1.387779e-17
     [52,] -6.938894e-18 -6.938894e-18 -6.938894e-18 -6.938894e-18 -6.938894e-18
     [53,] -3.469447e-18 -3.469447e-18 -3.469447e-18 -3.469447e-18 -3.469447e-18
     [54,] -1.734723e-18 -1.734723e-18 -1.734723e-18 -1.734723e-18 -1.734723e-18
     [55,] -8.673617e-19 -8.673617e-19 -8.673617e-19 -8.673617e-19 -8.673617e-19
     [56,] -4.336809e-19 -4.336809e-19 -4.336809e-19 -4.336809e-19 -4.336809e-19
     [57,] -2.168404e-19 -2.168404e-19 -2.168404e-19 -2.168404e-19 -2.168404e-19
     [58,] -1.084202e-19 -1.084202e-19 -1.084202e-19 -1.084202e-19 -1.084202e-19
     [59,] -5.421011e-20 -5.421011e-20 -5.421011e-20 -5.421011e-20 -5.421011e-20
     [60,] -2.710505e-20 -2.710505e-20 -2.710505e-20 -2.710505e-20 -2.710505e-20
     [61,] -1.355253e-20 -1.355253e-20 -1.355253e-20 -1.355253e-20 -1.355253e-20
     [62,] -6.776264e-21 -6.776264e-21 -6.776264e-21 -6.776264e-21 -6.776264e-21
     [63,] -3.388132e-21 -3.388132e-21 -3.388132e-21 -3.388132e-21 -3.388132e-21
     [64,] -1.694066e-21 -1.694066e-21 -1.694066e-21 -1.694066e-21 -1.694066e-21
     [65,] -8.470329e-22 -8.470329e-22 -8.470329e-22 -8.470329e-22 -8.470329e-22
     [66,] -4.235165e-22 -4.235165e-22 -4.235165e-22 -4.235165e-22 -4.235165e-22
     [67,] -2.117582e-22 -2.117582e-22 -2.117582e-22 -2.117582e-22 -2.117582e-22
     [68,] -1.058791e-22 -1.058791e-22 -1.058791e-22 -1.058791e-22 -1.058791e-22
     [69,] -5.293956e-23 -5.293956e-23 -5.293956e-23 -5.293956e-23 -5.293956e-23
     [70,] -2.646978e-23 -2.646978e-23 -2.646978e-23 -2.646978e-23 -2.646978e-23
     [71,] -1.323489e-23 -1.323489e-23 -1.323489e-23 -1.323489e-23 -1.323489e-23
     [72,] -6.617445e-24 -6.617445e-24 -6.617445e-24 -6.617445e-24 -6.617445e-24
     [73,] -3.308722e-24 -3.308722e-24 -3.308722e-24 -3.308722e-24 -3.308722e-24
     [74,] -1.654361e-24 -1.654361e-24 -1.654361e-24 -1.654361e-24 -1.654361e-24
     [75,] -8.271806e-25 -8.271806e-25 -8.271806e-25 -8.271806e-25 -8.271806e-25
     [76,] -4.135903e-25 -4.135903e-25 -4.135903e-25 -4.135903e-25 -4.135903e-25
     [77,] -2.067952e-25 -2.067952e-25 -2.067952e-25 -2.067952e-25 -2.067952e-25
     [78,] -1.033976e-25 -1.033976e-25 -1.033976e-25 -1.033976e-25 -1.033976e-25
     [79,] -5.169879e-26 -5.169879e-26 -5.169879e-26 -5.169879e-26 -5.169879e-26
     [80,] -2.584939e-26 -2.584939e-26 -2.584939e-26 -2.584939e-26 -2.584939e-26
     [81,] -1.292470e-26 -1.292470e-26 -1.292470e-26 -1.292470e-26 -1.292470e-26
     [82,] -6.462349e-27 -6.462349e-27 -6.462349e-27 -6.462349e-27 -6.462349e-27
     [83,] -3.231174e-27 -3.231174e-27 -3.231174e-27 -3.231174e-27 -3.231174e-27
     [84,] -1.615587e-27 -1.615587e-27 -1.615587e-27 -1.615587e-27 -1.615587e-27
     [85,] -8.077936e-28 -8.077936e-28 -8.077936e-28 -8.077936e-28 -8.077936e-28
     [86,] -4.038968e-28 -4.038968e-28 -4.038968e-28 -4.038968e-28 -4.038968e-28
     [87,] -2.019484e-28 -2.019484e-28 -2.019484e-28 -2.019484e-28 -2.019484e-28
     [88,] -1.009742e-28 -1.009742e-28 -1.009742e-28 -1.009742e-28 -1.009742e-28
     [89,] -5.048710e-29 -5.048710e-29 -5.048710e-29 -5.048710e-29 -5.048710e-29
     [90,] -2.524355e-29 -2.524355e-29 -2.524355e-29 -2.524355e-29 -2.524355e-29
     [91,] -1.262177e-29 -1.262177e-29 -1.262177e-29 -1.262177e-29 -1.262177e-29
     [92,] -6.310887e-30 -6.310887e-30 -6.310887e-30 -6.310887e-30 -6.310887e-30
     [93,] -3.155444e-30 -3.155444e-30 -3.155444e-30 -3.155444e-30 -3.155444e-30
     [94,] -1.577722e-30 -1.577722e-30 -1.577722e-30 -1.577722e-30 -1.577722e-30
     [95,] -7.888609e-31 -7.888609e-31 -7.888609e-31 -7.888609e-31 -7.888609e-31
     [96,] -3.944305e-31 -3.944305e-31 -3.944305e-31 -3.944305e-31 -3.944305e-31
     [97,] -1.972152e-31 -1.972152e-31 -1.972152e-31 -1.972152e-31 -1.972152e-31
     [98,] -9.860761e-32 -9.860761e-32 -9.860761e-32 -9.860761e-32 -9.860761e-32
     [99,] -4.930381e-32 -4.930381e-32 -4.930381e-32 -4.930381e-32 -4.930381e-32
     [100,] -2.465190e-32 -2.465190e-32 -2.465190e-32 -2.465190e-32 -2.465190e-32
     [101,] -1.232595e-32 -1.232595e-32 -1.232595e-32 -1.232595e-32 -1.232595e-32
     [102,] -6.162976e-33 -6.162976e-33 -6.162976e-33 -6.162976e-33 -6.162976e-33
     [103,] -3.081488e-33 -3.081488e-33 -3.081488e-33 -3.081488e-33 -3.081488e-33
     [104,] -1.540744e-33 -1.540744e-33 -1.540744e-33 -1.540744e-33 -1.540744e-33
     [105,] -7.703720e-34 -7.703720e-34 -7.703720e-34 -7.703720e-34 -7.703720e-34
     [106,] -3.851860e-34 -3.851860e-34 -3.851860e-34 -3.851860e-34 -3.851860e-34
     [107,] -1.925930e-34 -1.925930e-34 -1.925930e-34 -1.925930e-34 -1.925930e-34
     [108,] -9.629650e-35 -9.629650e-35 -9.629650e-35 -9.629650e-35 -9.629650e-35
     [109,] -4.814825e-35 -4.814825e-35 -4.814825e-35 -4.814825e-35 -4.814825e-35
     [110,] -2.407412e-35 -2.407412e-35 -2.407412e-35 -2.407412e-35 -2.407412e-35
     [111,] -1.203706e-35 -1.203706e-35 -1.203706e-35 -1.203706e-35 -1.203706e-35
     [112,] -6.018531e-36 -6.018531e-36 -6.018531e-36 -6.018531e-36 -6.018531e-36
     [113,] -3.009266e-36 -3.009266e-36 -3.009266e-36 -3.009266e-36 -3.009266e-36
     [114,] -1.504633e-36 -1.504633e-36 -1.504633e-36 -1.504633e-36 -1.504633e-36
     [115,] -7.523164e-37 -7.523164e-37 -7.523164e-37 -7.523164e-37 -7.523164e-37
     [116,] -3.761582e-37 -3.761582e-37 -3.761582e-37 -3.761582e-37 -3.761582e-37
     [117,] -1.880791e-37 -1.880791e-37 -1.880791e-37 -1.880791e-37 -1.880791e-37
     [118,] -9.403955e-38 -9.403955e-38 -9.403955e-38 -9.403955e-38 -9.403955e-38
     [119,] -4.701977e-38 -4.701977e-38 -4.701977e-38 -4.701977e-38 -4.701977e-38
     [120,] -2.350989e-38 -2.350989e-38 -2.350989e-38 -2.350989e-38 -2.350989e-38
     [121,] -1.175494e-38 -1.175494e-38 -1.175494e-38 -1.175494e-38 -1.175494e-38
     [122,] -5.877472e-39 -5.877472e-39 -5.877472e-39 -5.877472e-39 -5.877472e-39
     [123,] -2.938736e-39 -2.938736e-39 -2.938736e-39 -2.938736e-39 -2.938736e-39
     [124,] -1.469368e-39 -1.469368e-39 -1.469368e-39 -1.469368e-39 -1.469368e-39
     [125,] -7.346840e-40 -7.346840e-40 -7.346840e-40 -7.346840e-40 -7.346840e-40
     [126,] -3.673420e-40 -3.673420e-40 -3.673420e-40 -3.673420e-40 -3.673420e-40
     [127,] -1.836710e-40 -1.836710e-40 -1.836710e-40 -1.836710e-40 -1.836710e-40
     [128,] -9.183550e-41 -9.183550e-41 -9.183550e-41 -9.183550e-41 -9.183550e-41
     [129,] -4.591775e-41 -4.591775e-41 -4.591775e-41 -4.591775e-41 -4.591775e-41
     [130,] -2.295887e-41 -2.295887e-41 -2.295887e-41 -2.295887e-41 -2.295887e-41
     [131,] -1.147944e-41 -1.147944e-41 -1.147944e-41 -1.147944e-41 -1.147944e-41
     [132,] -5.739719e-42 -5.739719e-42 -5.739719e-42 -5.739719e-42 -5.739719e-42
     [133,] -2.869859e-42 -2.869859e-42 -2.869859e-42 -2.869859e-42 -2.869859e-42
     [134,] -1.434930e-42 -1.434930e-42 -1.434930e-42 -1.434930e-42 -1.434930e-42
     [135,] -7.174648e-43 -7.174648e-43 -7.174648e-43 -7.174648e-43 -7.174648e-43
     [136,] -3.587324e-43 -3.587324e-43 -3.587324e-43 -3.587324e-43 -3.587324e-43
     [137,] -1.793662e-43 -1.793662e-43 -1.793662e-43 -1.793662e-43 -1.793662e-43
     [138,] -8.968310e-44 -8.968310e-44 -8.968310e-44 -8.968310e-44 -8.968310e-44
     [139,] -4.484155e-44 -4.484155e-44 -4.484155e-44 -4.484155e-44 -4.484155e-44
     [140,] -2.242078e-44 -2.242078e-44 -2.242078e-44 -2.242078e-44 -2.242078e-44
     [141,] -1.121039e-44 -1.121039e-44 -1.121039e-44 -1.121039e-44 -1.121039e-44
     [142,] -5.605194e-45 -5.605194e-45 -5.605194e-45 -5.605194e-45 -5.605194e-45
     [143,] -2.802597e-45 -2.802597e-45 -2.802597e-45 -2.802597e-45 -2.802597e-45
     [144,] -1.401298e-45 -1.401298e-45 -1.401298e-45 -1.401298e-45 -1.401298e-45
     [145,] -7.006492e-46 -7.006492e-46 -7.006492e-46 -7.006492e-46 -7.006492e-46
     [146,] -3.503246e-46 -3.503246e-46 -3.503246e-46 -3.503246e-46 -3.503246e-46
     [147,] -1.751623e-46 -1.751623e-46 -1.751623e-46 -1.751623e-46 -1.751623e-46
     [148,] -8.758115e-47 -8.758115e-47 -8.758115e-47 -8.758115e-47 -8.758115e-47
     [149,] -4.379058e-47 -4.379058e-47 -4.379058e-47 -4.379058e-47 -4.379058e-47
     [150,] -2.189529e-47 -2.189529e-47 -2.189529e-47 -2.189529e-47 -2.189529e-47
     [151,] -1.094764e-47 -1.094764e-47 -1.094764e-47 -1.094764e-47 -1.094764e-47
     [152,] -5.473822e-48 -5.473822e-48 -5.473822e-48 -5.473822e-48 -5.473822e-48
     [153,] -2.736911e-48 -2.736911e-48 -2.736911e-48 -2.736911e-48 -2.736911e-48
     [154,] -1.368456e-48 -1.368456e-48 -1.368456e-48 -1.368456e-48 -1.368456e-48
     [155,] -6.842278e-49 -6.842278e-49 -6.842278e-49 -6.842278e-49 -6.842278e-49
     [156,] -3.421139e-49 -3.421139e-49 -3.421139e-49 -3.421139e-49 -3.421139e-49
     [157,] -1.710569e-49 -1.710569e-49 -1.710569e-49 -1.710569e-49 -1.710569e-49
     [158,] -8.552847e-50 -8.552847e-50 -8.552847e-50 -8.552847e-50 -8.552847e-50
     [159,] -4.276424e-50 -4.276424e-50 -4.276424e-50 -4.276424e-50 -4.276424e-50
     [160,] -2.138212e-50 -2.138212e-50 -2.138212e-50 -2.138212e-50 -2.138212e-50
     [161,] -1.069106e-50 -1.069106e-50 -1.069106e-50 -1.069106e-50 -1.069106e-50
     [162,] -5.345529e-51 -5.345529e-51 -5.345529e-51 -5.345529e-51 -5.345529e-51
     [163,] -2.672765e-51 -2.672765e-51 -2.672765e-51 -2.672765e-51 -2.672765e-51
     [164,] -1.336382e-51 -1.336382e-51 -1.336382e-51 -1.336382e-51 -1.336382e-51
     [165,] -6.681912e-52 -6.681912e-52 -6.681912e-52 -6.681912e-52 -6.681912e-52
     [166,] -3.340956e-52 -3.340956e-52 -3.340956e-52 -3.340956e-52 -3.340956e-52
     [167,] -1.670478e-52 -1.670478e-52 -1.670478e-52 -1.670478e-52 -1.670478e-52
     [168,] -8.352390e-53 -8.352390e-53 -8.352390e-53 -8.352390e-53 -8.352390e-53
     [169,] -4.176195e-53 -4.176195e-53 -4.176195e-53 -4.176195e-53 -4.176195e-53
     [170,] -2.088097e-53 -2.088097e-53 -2.088097e-53 -2.088097e-53 -2.088097e-53
     [171,] -1.044049e-53 -1.044049e-53 -1.044049e-53 -1.044049e-53 -1.044049e-53
     [172,] -5.220244e-54 -5.220244e-54 -5.220244e-54 -5.220244e-54 -5.220244e-54
     [173,] -2.610122e-54 -2.610122e-54 -2.610122e-54 -2.610122e-54 -2.610122e-54
     [174,] -1.305061e-54 -1.305061e-54 -1.305061e-54 -1.305061e-54 -1.305061e-54
     [175,] -6.525304e-55 -6.525304e-55 -6.525304e-55 -6.525304e-55 -6.525304e-55
     [176,] -3.262652e-55 -3.262652e-55 -3.262652e-55 -3.262652e-55 -3.262652e-55
     [177,] -1.631326e-55 -1.631326e-55 -1.631326e-55 -1.631326e-55 -1.631326e-55
     [178,] -8.156631e-56 -8.156631e-56 -8.156631e-56 -8.156631e-56 -8.156631e-56
     [179,] -4.078315e-56 -4.078315e-56 -4.078315e-56 -4.078315e-56 -4.078315e-56
     [180,] -2.039158e-56 -2.039158e-56 -2.039158e-56 -2.039158e-56 -2.039158e-56
     [181,] -1.019579e-56 -1.019579e-56 -1.019579e-56 -1.019579e-56 -1.019579e-56
     [182,] -5.097894e-57 -5.097894e-57 -5.097894e-57 -5.097894e-57 -5.097894e-57
     [183,] -2.548947e-57 -2.548947e-57 -2.548947e-57 -2.548947e-57 -2.548947e-57
     [184,] -1.274474e-57 -1.274474e-57 -1.274474e-57 -1.274474e-57 -1.274474e-57
     [185,] -6.372368e-58 -6.372368e-58 -6.372368e-58 -6.372368e-58 -6.372368e-58
     [186,] -3.186184e-58 -3.186184e-58 -3.186184e-58 -3.186184e-58 -3.186184e-58
     [187,] -1.593092e-58 -1.593092e-58 -1.593092e-58 -1.593092e-58 -1.593092e-58
     [188,] -7.965460e-59 -7.965460e-59 -7.965460e-59 -7.965460e-59 -7.965460e-59
     [189,] -3.982730e-59 -3.982730e-59 -3.982730e-59 -3.982730e-59 -3.982730e-59
     [190,] -1.991365e-59 -1.991365e-59 -1.991365e-59 -1.991365e-59 -1.991365e-59
     [191,] -9.956824e-60 -9.956824e-60 -9.956824e-60 -9.956824e-60 -9.956824e-60
     [192,] -4.978412e-60 -4.978412e-60 -4.978412e-60 -4.978412e-60 -4.978412e-60
     [193,] -2.489206e-60 -2.489206e-60 -2.489206e-60 -2.489206e-60 -2.489206e-60
     [194,] -1.244603e-60 -1.244603e-60 -1.244603e-60 -1.244603e-60 -1.244603e-60
     [195,] -6.223015e-61 -6.223015e-61 -6.223015e-61 -6.223015e-61 -6.223015e-61
     delta3
     [1,] -1.448317e-02
     [2,] -7.517260e-03
     [3,] -3.831203e-03
     [4,] -1.934208e-03
     [5,] -9.718137e-04
     [6,] -4.870916e-04
     [7,] -2.438429e-04
     [8,] -1.219958e-04
     [9,] -6.101653e-05
     [10,] -3.051292e-05
     [11,] -1.525762e-05
     [12,] -7.629104e-06
     [13,] -3.814625e-06
     [14,] -1.907330e-06
     [15,] -9.536698e-07
     [16,] -4.768360e-07
     [17,] -2.384183e-07
     [18,] -1.192092e-07
     [19,] -5.960463e-08
     [20,] -2.980232e-08
     [21,] -1.490116e-08
     [22,] -7.450580e-09
     [23,] -3.725290e-09
     [24,] -1.862645e-09
     [25,] -9.313226e-10
     [26,] -4.656613e-10
     [27,] -2.328306e-10
     [28,] -1.164153e-10
     [29,] -5.820766e-11
     [30,] -2.910383e-11
     [31,] -1.455192e-11
     [32,] -7.275958e-12
     [33,] -3.637979e-12
     [34,] -1.818989e-12
     [35,] -9.094947e-13
     [36,] -4.547474e-13
     [37,] -2.273737e-13
     [38,] -1.136868e-13
     [39,] -5.684342e-14
     [40,] -2.842171e-14
     [41,] -1.421085e-14
     [42,] -7.105427e-15
     [43,] -3.552714e-15
     [44,] -1.776357e-15
     [45,] -8.881784e-16
     [46,] -4.440892e-16
     [47,] -2.220446e-16
     [48,] -1.110223e-16
     [49,] -5.551115e-17
     [50,] -2.775558e-17
     [51,] -1.387779e-17
     [52,] -6.938894e-18
     [53,] -3.469447e-18
     [54,] -1.734723e-18
     [55,] -8.673617e-19
     [56,] -4.336809e-19
     [57,] -2.168404e-19
     [58,] -1.084202e-19
     [59,] -5.421011e-20
     [60,] -2.710505e-20
     [61,] -1.355253e-20
     [62,] -6.776264e-21
     [63,] -3.388132e-21
     [64,] -1.694066e-21
     [65,] -8.470329e-22
     [66,] -4.235165e-22
     [67,] -2.117582e-22
     [68,] -1.058791e-22
     [69,] -5.293956e-23
     [70,] -2.646978e-23
     [71,] -1.323489e-23
     [72,] -6.617445e-24
     [73,] -3.308722e-24
     [74,] -1.654361e-24
     [75,] -8.271806e-25
     [76,] -4.135903e-25
     [77,] -2.067952e-25
     [78,] -1.033976e-25
     [79,] -5.169879e-26
     [80,] -2.584939e-26
     [81,] -1.292470e-26
     [82,] -6.462349e-27
     [83,] -3.231174e-27
     [84,] -1.615587e-27
     [85,] -8.077936e-28
     [86,] -4.038968e-28
     [87,] -2.019484e-28
     [88,] -1.009742e-28
     [89,] -5.048710e-29
     [90,] -2.524355e-29
     [91,] -1.262177e-29
     [92,] -6.310887e-30
     [93,] -3.155444e-30
     [94,] -1.577722e-30
     [95,] -7.888609e-31
     [96,] -3.944305e-31
     [97,] -1.972152e-31
     [98,] -9.860761e-32
     [99,] -4.930381e-32
     [100,] -2.465190e-32
     [101,] -1.232595e-32
     [102,] -6.162976e-33
     [103,] -3.081488e-33
     [104,] -1.540744e-33
     [105,] -7.703720e-34
     [106,] -3.851860e-34
     [107,] -1.925930e-34
     [108,] -9.629650e-35
     [109,] -4.814825e-35
     [110,] -2.407412e-35
     [111,] -1.203706e-35
     [112,] -6.018531e-36
     [113,] -3.009266e-36
     [114,] -1.504633e-36
     [115,] -7.523164e-37
     [116,] -3.761582e-37
     [117,] -1.880791e-37
     [118,] -9.403955e-38
     [119,] -4.701977e-38
     [120,] -2.350989e-38
     [121,] -1.175494e-38
     [122,] -5.877472e-39
     [123,] -2.938736e-39
     [124,] -1.469368e-39
     [125,] -7.346840e-40
     [126,] -3.673420e-40
     [127,] -1.836710e-40
     [128,] -9.183550e-41
     [129,] -4.591775e-41
     [130,] -2.295887e-41
     [131,] -1.147944e-41
     [132,] -5.739719e-42
     [133,] -2.869859e-42
     [134,] -1.434930e-42
     [135,] -7.174648e-43
     [136,] -3.587324e-43
     [137,] -1.793662e-43
     [138,] -8.968310e-44
     [139,] -4.484155e-44
     [140,] -2.242078e-44
     [141,] -1.121039e-44
     [142,] -5.605194e-45
     [143,] -2.802597e-45
     [144,] -1.401298e-45
     [145,] -7.006492e-46
     [146,] -3.503246e-46
     [147,] -1.751623e-46
     [148,] -8.758115e-47
     [149,] -4.379058e-47
     [150,] -2.189529e-47
     [151,] -1.094764e-47
     [152,] -5.473822e-48
     [153,] -2.736911e-48
     [154,] -1.368456e-48
     [155,] -6.842278e-49
     [156,] -3.421139e-49
     [157,] -1.710569e-49
     [158,] -8.552847e-50
     [159,] -4.276424e-50
     [160,] -2.138212e-50
     [161,] -1.069106e-50
     [162,] -5.345529e-51
     [163,] -2.672765e-51
     [164,] -1.336382e-51
     [165,] -6.681912e-52
     [166,] -3.340956e-52
     [167,] -1.670478e-52
     [168,] -8.352390e-53
     [169,] -4.176195e-53
     [170,] -2.088097e-53
     [171,] -1.044049e-53
     [172,] -5.220244e-54
     [173,] -2.610122e-54
     [174,] -1.305061e-54
     [175,] -6.525304e-55
     [176,] -3.262652e-55
     [177,] -1.631326e-55
     [178,] -8.156631e-56
     [179,] -4.078315e-56
     [180,] -2.039158e-56
     [181,] -1.019579e-56
     [182,] -5.097894e-57
     [183,] -2.548947e-57
     [184,] -1.274474e-57
     [185,] -6.372368e-58
     [186,] -3.186184e-58
     [187,] -1.593092e-58
     [188,] -7.965460e-59
     [189,] -3.982730e-59
     [190,] -1.991365e-59
     [191,] -9.956824e-60
     [192,] -4.978412e-60
     [193,] -2.489206e-60
     [194,] -1.244603e-60
     [195,] -6.223015e-61
     >
     > ## testing cbind() i.e., the Rmpfr-method a bit here !
     > chkDn <- function(r) stopifnot(identical(
     + dimnames(r),
     + list(NULL, c("x", "log2x", eval(formals(eps_S53)$method)))))
     > chkDn2 <- function(r) stopifnot(identical(
     + colnames(r)[-(1:2)], eval(formals(eps_S53)$method)))
     > chkDn ( r1 <- cbind(x, log2x = log2(x), EA))
     Error in deparse1(a) : could not find function "deparse1"
     Calls: chkDn ... identical -> cbind -> standardGeneric -> eval -> eval -> cbind
     Execution halted
Flavor: r-oldrel-windows-ix86+x86_64