CRAN Package Check Results for Package DNMF

Last updated on 2020-12-04 00:48:20 CET.

Flavor Version Tinstall Tcheck Ttotal Status Flags
r-devel-linux-x86_64-debian-clang 1.3 7.39 59.70 67.09 NOTE
r-devel-linux-x86_64-debian-gcc 1.3 6.05 48.20 54.25 NOTE
r-devel-linux-x86_64-fedora-clang 1.3 90.93 NOTE
r-devel-linux-x86_64-fedora-gcc 1.3 78.82 NOTE
r-devel-windows-ix86+x86_64 1.3 16.00 79.00 95.00 NOTE
r-patched-linux-x86_64 1.3 6.82 56.20 63.02 NOTE
r-patched-solaris-x86 1.3 129.50 NOTE
r-release-linux-x86_64 1.3 8.05 57.44 65.49 NOTE
r-release-macos-x86_64 1.3 NOTE
r-release-windows-ix86+x86_64 1.3 13.00 59.00 72.00 NOTE
r-oldrel-macos-x86_64 1.3 NOTE
r-oldrel-windows-ix86+x86_64 1.3 10.00 78.00 88.00 NOTE

Check Details

Version: 1.3
Check: R code for possible problems
Result: NOTE
    DNMF: no visible global function definition for 'runif'
    NMFpval: no visible global function definition for 'p.adjust'
    ndNMF: no visible global function definition for 'runif'
    rnk: no visible global function definition for 'write.table'
    Undefined global functions or variables:
     p.adjust runif write.table
    Consider adding
     importFrom("stats", "p.adjust", "runif")
     importFrom("utils", "write.table")
    to your NAMESPACE file.
Flavors: r-devel-linux-x86_64-debian-clang, r-devel-linux-x86_64-debian-gcc, r-devel-linux-x86_64-fedora-clang, r-devel-linux-x86_64-fedora-gcc, r-devel-windows-ix86+x86_64, r-patched-linux-x86_64, r-patched-solaris-x86, r-release-linux-x86_64, r-release-macos-x86_64, r-release-windows-ix86+x86_64, r-oldrel-macos-x86_64, r-oldrel-windows-ix86+x86_64