CRAN Package Check Results for Package DNLC

Last updated on 2020-12-04 00:48:20 CET.

Flavor Version Tinstall Tcheck Ttotal Status Flags
r-devel-linux-x86_64-debian-clang 1.0.0 11.26 27.24 38.50 OK
r-devel-linux-x86_64-debian-gcc 1.0.0 10.84 22.21 33.05 OK
r-devel-linux-x86_64-fedora-clang 1.0.0 56.59 NOTE
r-devel-linux-x86_64-fedora-gcc 1.0.0 46.16 NOTE
r-devel-windows-ix86+x86_64 1.0.0 18.00 42.00 60.00 OK
r-patched-linux-x86_64 1.0.0 13.01 25.70 38.71 OK
r-patched-solaris-x86 1.0.0 70.20 NOTE
r-release-linux-x86_64 1.0.0 10.24 25.98 36.22 OK
r-release-macos-x86_64 1.0.0 NOTE
r-release-windows-ix86+x86_64 1.0.0 15.00 40.00 55.00 OK
r-oldrel-macos-x86_64 1.0.0 WARN
r-oldrel-windows-ix86+x86_64 1.0.0 15.00 41.00 56.00 OK

Check Details

Version: 1.0.0
Check: dependencies in R code
Result: NOTE
    Namespaces in Imports field not imported from:
     ‘GOstats’ ‘caTools’ ‘fdrtool’
     All declared Imports should be used.
Flavors: r-devel-linux-x86_64-fedora-clang, r-devel-linux-x86_64-fedora-gcc, r-patched-solaris-x86, r-release-macos-x86_64, r-oldrel-macos-x86_64

Version: 1.0.0
Check: whether package can be installed
Result: WARN
    Found the following significant warnings:
     Warning: package ‘AnnotationDbi’ was built under R version 3.6.1
     Warning: package ‘IRanges’ was built under R version 3.6.1
     Warning: package ‘S4Vectors’ was built under R version 3.6.1
Flavor: r-oldrel-macos-x86_64