CRAN Package Check Results for Package DNAtools

Last updated on 2020-12-04 00:48:20 CET.

Flavor Version Tinstall Tcheck Ttotal Status Flags
r-devel-linux-x86_64-debian-clang 0.2-3 77.76 74.29 152.05 NOTE
r-devel-linux-x86_64-debian-gcc 0.2-3 47.71 57.58 105.29 NOTE
r-devel-linux-x86_64-fedora-clang 0.2-3 208.78 NOTE
r-devel-linux-x86_64-fedora-gcc 0.2-3 184.22 NOTE
r-devel-windows-ix86+x86_64 0.2-3 168.00 132.00 300.00 NOTE
r-patched-linux-x86_64 0.2-3 58.01 71.43 129.44 NOTE
r-patched-solaris-x86 0.2-3 181.30 NOTE
r-release-linux-x86_64 0.2-3 57.66 70.66 128.32 NOTE
r-release-macos-x86_64 0.2-3 NOTE
r-release-windows-ix86+x86_64 0.2-3 124.00 103.00 227.00 NOTE
r-oldrel-macos-x86_64 0.2-3 NOTE
r-oldrel-windows-ix86+x86_64 0.2-3 127.00 125.00 252.00 NOTE

Check Details

Version: 0.2-3
Check: for GNU extensions in Makefiles
Result: NOTE
    GNU make is a SystemRequirements.
Flavors: r-devel-linux-x86_64-debian-clang, r-devel-linux-x86_64-debian-gcc, r-devel-linux-x86_64-fedora-clang, r-devel-linux-x86_64-fedora-gcc, r-devel-windows-ix86+x86_64, r-patched-linux-x86_64, r-patched-solaris-x86, r-release-linux-x86_64, r-release-macos-x86_64, r-release-windows-ix86+x86_64, r-oldrel-macos-x86_64, r-oldrel-windows-ix86+x86_64