Last updated on 2020-12-04 00:48:20 CET.
Flavor | Version | Tinstall | Tcheck | Ttotal | Status | Flags |
---|---|---|---|---|---|---|
r-devel-linux-x86_64-debian-clang | 1.0-8 | 2.01 | 33.90 | 35.91 | OK | |
r-devel-linux-x86_64-debian-gcc | 1.0-8 | 1.46 | 25.81 | 27.27 | OK | |
r-devel-linux-x86_64-fedora-clang | 1.0-8 | 50.21 | NOTE | |||
r-devel-linux-x86_64-fedora-gcc | 1.0-8 | 41.39 | OK | |||
r-devel-windows-ix86+x86_64 | 1.0-8 | 4.00 | 50.00 | 54.00 | OK | |
r-patched-linux-x86_64 | 1.0-8 | 1.91 | 32.65 | 34.56 | OK | |
r-patched-solaris-x86 | 1.0-8 | 60.90 | OK | |||
r-release-linux-x86_64 | 1.0-8 | 1.70 | 33.42 | 35.12 | OK | |
r-release-macos-x86_64 | 1.0-8 | OK | ||||
r-release-windows-ix86+x86_64 | 1.0-8 | 4.00 | 50.00 | 54.00 | OK | |
r-oldrel-macos-x86_64 | 1.0-8 | OK | ||||
r-oldrel-windows-ix86+x86_64 | 1.0-8 | 5.00 | 61.00 | 66.00 | OK |
Version: 1.0-8
Check: Rd cross-references
Result: NOTE
Undeclared package ‘DEoptim’ in Rd xrefs
Flavor: r-devel-linux-x86_64-fedora-clang