CRAN Package Check Results for Package DDPNA

Last updated on 2020-12-04 00:48:19 CET.

Flavor Version Tinstall Tcheck Ttotal Status Flags
r-devel-linux-x86_64-debian-clang 0.2.6 21.79 170.30 192.09 OK
r-devel-linux-x86_64-debian-gcc 0.2.6 17.02 128.87 145.89 OK
r-devel-linux-x86_64-fedora-clang 0.2.6 237.72 OK
r-devel-linux-x86_64-fedora-gcc 0.2.6 228.33 OK
r-devel-windows-ix86+x86_64 0.2.6 40.00 199.00 239.00 OK
r-patched-linux-x86_64 0.2.6 15.45 159.04 174.49 OK
r-patched-solaris-x86 0.2.6 301.70 OK
r-release-linux-x86_64 0.2.6 13.73 158.39 172.12 OK
r-release-macos-x86_64 0.2.6 OK
r-release-windows-ix86+x86_64 0.2.6 36.00 140.00 176.00 OK
r-oldrel-macos-x86_64 0.2.6 NOTE
r-oldrel-windows-ix86+x86_64 0.2.6 39.00 187.00 226.00 OK

Check Details

Version: 0.2.6
Check: package dependencies
Result: NOTE
    Package suggested but not available for checking: ‘WGCNA’
Flavor: r-oldrel-macos-x86_64